{"id":11998,"date":"2021-05-24T13:27:06","date_gmt":"2021-05-24T11:27:06","guid":{"rendered":"http:\/\/www.ladislavjakl.cz\/?page_id=11998"},"modified":"2021-05-24T13:27:24","modified_gmt":"2021-05-24T11:27:24","slug":"archiv-fff","status":"publish","type":"page","link":"https:\/\/www.ladislavjakl.cz\/?page_id=11998","title":{"rendered":"Archiv rubriky \u201eCo se d\u011bje\u201c \u2013 rok 2019"},"content":{"rendered":"<p><span style=\"color: #808080;\">21. 12. 19 12.00, KD Mlejn, Praha \u2013 Stod\u016flky: L. J. v porot\u011b fin\u00e1le sout\u011b\u017ee kapel Skute\u010dn\u00e1 liga<\/span><\/p>\n<p><span style=\"color: #808080;\">26. 11. 19 19:00 <a style=\"color: #808080;\" href=\"http:\/\/www.prvnipivniextraliga.cz\/\" target=\"_blank\" rel=\"noopener noreferrer\">Prvn\u00ed pivn\u00ed extraliga<\/a> v Prvn\u00ed pivn\u00ed tramwayi: \u010cR \u2013 SK Superfin\u00e1le: Le\u017e\u00e1k 2019<\/span><\/p>\n<p><span style=\"color: #808080;\">12. 11. 19 17.00 \u2013 Obecn\u00ed d\u016fm, Praha: L. J. mezi \u0159e\u010dn\u00edky semin\u00e1\u0159e IVK \u201e30 let cesty ke svobod\u011b, ale i zp\u011bt.\u201c<\/span><\/p>\n<p><span style=\"color: #808080;\">07. 11. 19 11.00, pivovar Z\u00edchovec \u2013 L. J. na p\u0159ed\u00e1v\u00e1n\u00ed V\u00fdro\u010dn\u00edch cen Sdru\u017een\u00ed p\u0159\u00e1tel piva<\/span><\/p>\n<p><span style=\"color: #808080;\">06. 11. 19 18.00 \u2013 Fakulta soci\u00e1ln\u00edch studi\u00ed Masarykovy univerzity, Brno: L. J. v&nbsp;panelu debaty na t\u00e9ma \u201eMaj\u00ed \u010de\u0161t\u00ed voj\u00e1ci odej\u00edt z&nbsp;Afgh\u00e1nist\u00e1nu?!<\/span><\/p>\n<p><span style=\"color: #808080;\">21. 10. 19 09.30 \u2013 Poslaneck\u00e1 sn\u011bmovna: L. J. jedn\u00edm z&nbsp;\u0159e\u010dn\u00edk\u016f na parlamentn\u00edm semin\u00e1\u0159i St\u00e1t a m\u00e9dia<\/span><\/p>\n<p><span style=\"color: #808080;\">15. 10. 19&nbsp;<a style=\"color: #808080;\" href=\"http:\/\/www.prvnipivniextraliga.cz\/\" target=\"_blank\" rel=\"noopener noreferrer\">Prvn\u00ed pivn\u00ed extraliga<\/a> v Prvn\u00ed pivn\u00ed tramwayi: FIN\u00c1LE \u201e\u010cesk\u00fd le\u017e\u00e1k 2019\u201c<\/span><\/p>\n<p><span style=\"color: #808080;\">17. 09. 19&nbsp;<a style=\"color: #808080;\" href=\"http:\/\/www.prvnipivniextraliga.cz\/\" target=\"_blank\" rel=\"noopener noreferrer\">Prvn\u00ed pivn\u00ed extraliga<\/a> v Prvn\u00ed pivn\u00ed tramwayi:&nbsp;2. semifin\u00e1lov\u00e9 kolo \u201e\u010cesk\u00fd le\u017e\u00e1k 2019\u201c<\/span><\/p>\n<p><span style=\"color: #808080;\">17. 09. 19 Univerzitn\u00ed centrum Tel\u010d \u2013 \u00fa\u010dast L. J. na konferenci Medi\u00e1ln\u00ed reflexe<\/span><\/p>\n<p><span style=\"color: #808080;\">03. 09. 19&nbsp;<a style=\"color: #808080;\" href=\"http:\/\/www.prvnipivniextraliga.cz\/\" target=\"_blank\" rel=\"noopener noreferrer\">Prvn\u00ed pivn\u00ed extraliga<\/a> v Prvn\u00ed pivn\u00ed tramwayi:&nbsp;1. semifin\u00e1lov\u00e9 kolo \u201e\u010cesk\u00fd le\u017e\u00e1k 2019\u201c<\/span><\/p>\n<p><span style=\"color: #808080;\">23. 08. 19 21.30, kostel Sv. Ducha, Star\u00e9 M\u011bsto u Uh. Hradi\u0161t\u011b: projev L. J. na setk\u00e1n\u00ed proti Istanbulsk\u00e9 \u00famluv\u011b<\/span><\/p>\n<p><span style=\"color: #808080;\">15. 08. 19 14.00 \u2013 Institut V\u00e1clava Klause, Hanspaulka: p\u0159edstaven\u00ed nov\u00e9 knihy L. J. \u201eZ Hanspaulky o svobod\u011b\u201c<\/span><\/p>\n<p><span style=\"color: #808080;\">10. 08. 19 po cel\u00fd den \u2013 L. J., v diskusn\u00edm panelu v r\u00e1mci Vlasteneck\u00e9ho setk\u00e1n\u00ed za z\u00e1mku P\u0159\u00ed\u010dovy<\/span><\/p>\n<p><span style=\"color: #808080;\">17. 07. 19 19.00 \u2013 L. J. hostem po\u0159adu Kl\u00e1bosnice internetov\u00e9ho r\u00e1dia Svobodn\u00fd vys\u00edla\u010d<\/span><\/p>\n<p><span style=\"color: #808080;\">10. 07. 19 12.00 \u2013 Tur\u010diansky pivovarnicky dom, hotel Victoria, Martin, Slovensko: L. J. spolu s PPE vyb\u00edr\u00e1 nejlep\u0161\u00ed slovensk\u00fd le\u017e\u00e1k dostupn\u00fd v b\u011b\u017en\u00e9 obchodn\u00ed s\u00edti<\/span><\/p>\n<p><span style=\"color: #808080;\">03. 07. 19 19.00 \u2013 studio Beta Svobodn\u00e9ho r\u00e1dia \u2013 \u017eiv\u00fd rozhovor s L. J. o sou\u010dasn\u00e9 atmosf\u00e9\u0159e ve spole\u010dnosti<\/span><\/p>\n<p><span style=\"color: #808080;\">27. 06. 19 17.30, Magister Kelley: L. J. \u201ek\u0159t\u00ed\u201c knihu Josefa Provazn\u00edka Odhalujeme Putinovy l\u017ei<\/span><\/p>\n<p><span style=\"color: #808080;\">20. 06. 19 10.30 \u2013 Ladislav Jakl \u017eiv\u011b v po\u0159adu Osobnosti Plus Barbory Tachec\u00ed na stanici \u010cesk\u00fd rozhlas Plus<\/span><\/p>\n<p><span style=\"color: #808080;\">13. 06. 19 15.00 &#8211; web TV Prima + facebook TV Prima: L. J. v&nbsp;\u017eiv\u00e9 besed\u011b na t\u00e9ma studentsk\u00fdch st\u00e1vek proti klimatu<\/span><\/p>\n<p><span style=\"color: #808080;\">13. 05. 19 Pivovar Zubr, P\u0159erov &#8211; Prezident Prvn\u00ed pivn\u00ed extraligy Ladislav Jakl p\u0159ed\u00e1v\u00e1 diplom za 1. m\u00edsto v sout\u011b\u017ei Nejlep\u0161\u00ed le\u017e\u00e1k 2018!<\/span><\/p>\n<p><span style=\"color: #808080;\">17. 04. 19 19:00&nbsp;<a style=\"color: #808080;\" href=\"http:\/\/www.prvnipivniextraliga.cz\/\" target=\"_blank\" rel=\"noopener noreferrer\">Prvn\u00ed pivn\u00ed extraliga<\/a> v Prvn\u00ed pivn\u00ed tramwayi: 5. z\u00e1kladn\u00ed kolo \u010cesk\u00fd Le\u017e\u00e1k 2019<\/span><\/p>\n<p><span style=\"color: #808080;\">16. 04. 19&nbsp;19:00&nbsp;<a style=\"color: #808080;\" href=\"http:\/\/www.prvnipivniextraliga.cz\/\" target=\"_blank\" rel=\"noopener noreferrer\">Prvn\u00ed pivn\u00ed extraliga<\/a> v Prvn\u00ed pivn\u00ed tramwayi: 4. z\u00e1kladn\u00ed kolo \u010cesk\u00fd Le\u017e\u00e1k 2019<\/span><\/p>\n<p><span style=\"color: #808080;\">10. 04. 19 18:00 Pivovar Hlubok\u00e1 Na n\u00e1m\u011bst\u00ed, Beseda s&nbsp;L. J. na t\u00e9ma \u201eP\u0159e\u017eije Z\u00e1pad na\u0161i generaci?\u201c<\/span><\/p>\n<p><span style=\"color: #808080;\">09. 04. 19 18:30 TV Kolektif: L. J. \u00fa\u010dastn\u00edkem besedy o ve\u0159ejn\u00fdch m\u00e9di\u00edch a roli st\u00e1tu &nbsp;<\/span><\/p>\n<p><span style=\"color: #808080;\">02. 04. 19 19:00 <a style=\"color: #808080;\" href=\"http:\/\/www.prvnipivniextraliga.cz\/\" target=\"_blank\" rel=\"noopener noreferrer\">Prvn\u00ed pivn\u00ed extraliga<\/a> v Prvn\u00ed pivn\u00ed tramwayi: 3. z\u00e1kladn\u00ed kolo \u010cesk\u00fd Le\u017e\u00e1k 2019<\/span><\/p>\n<p><span style=\"color: #808080;\">02. 04. 19 12.30 TV iDnes: L. J. hostem po\u0159adu Rozst\u0159el<\/span><\/p>\n<p><span style=\"color: #808080;\">01. 04. 19 19:25 TV Barrandov: L. J. hostem po\u0159adu Moje zpr\u00e1vy<\/span><\/p>\n<p><span style=\"color: #808080;\">29. 03. 19 15:00 televize DVTV, rozhovor s&nbsp;L. J. o volb\u011b \u010dlenem Rady pro vys\u00edl\u00e1n\u00ed<\/span><\/p>\n<p><span style=\"color: #808080;\">04. 03. 19 19:00 <a style=\"color: #808080;\" href=\"http:\/\/www.prvnipivniextraliga.cz\/\" target=\"_blank\" rel=\"noopener noreferrer\">Prvn\u00ed pivn\u00ed extraliga<\/a> v Prvn\u00ed pivn\u00ed tramwayi: 2. z\u00e1kladn\u00ed kolo \u010cesk\u00fd Le\u017e\u00e1k 2019<\/span><\/p>\n<p><span style=\"color: #808080;\">28. 02. 19 CIMRFEST, Vagon, Praha \u2013 N\u00e1rodn\u00ed t\u0159\u00edda, koncert kapely <a style=\"color: #808080;\" href=\"http:\/\/folimankablues.cz\/\" target=\"_blank\" rel=\"noopener noreferrer\">Folimanka Blues<\/a><\/span><\/p>\n<p><span style=\"color: #808080;\">25. 02. 19 15.00, TV Prima: L. J. v&nbsp;\u017eiv\u00e9m vys\u00edl\u00e1n\u00ed polemiky o n\u00e1vrhu na st\u00e1tem kontrolovan\u00e9 prostituci<\/span><\/p>\n<p><span style=\"color: #808080;\">18. 02. 19 18:00: r\u00e1dio Frekvence 1 &#8211; L. J. v Pressklubu<\/span><\/p>\n<p><span style=\"color: #808080;\">12. 02. 19 19:00 <span style=\"color: #000000;\"><a href=\"http:\/\/www.prvnipivniextraliga.cz\/\" target=\"_blank\" rel=\"noopener noreferrer\">Prvn\u00ed pivn\u00ed extraliga<\/a><\/span> v Prvn\u00ed pivn\u00ed tramwayi: 1. z\u00e1kladn\u00ed kolo \u010cesk\u00fd Le\u017e\u00e1k 2019<\/span><\/p>\n<p><span style=\"color: #808080;\">07. 01. 19 14:00 <span style=\"color: #000000;\"><a href=\"http:\/\/www.prvnipivniextraliga.cz\/\" target=\"_blank\" rel=\"noopener noreferrer\">Prvn\u00ed pivn\u00ed extraliga<\/a><\/span> v Prvn\u00ed pivn\u00ed tramwayi: Fin\u00e1le Kr\u00e1l Prahy 2018. Sout\u011b\u017e mal\u00fdch pra\u017esk\u00fdch pivovar\u016f&nbsp;<\/span><\/p>\n","protected":false},"excerpt":{"rendered":"<p>21. 12. 19 12.00, KD Mlejn, Praha \u2013 Stod\u016flky: L. J. v porot\u011b fin\u00e1le sout\u011b\u017ee kapel Skute\u010dn\u00e1 liga 26. 11. 19 19:00 Prvn\u00ed pivn\u00ed extraliga v Prvn\u00ed pivn\u00ed tramwayi: \u010cR \u2013 SK Superfin\u00e1le: Le\u017e\u00e1k 2019 12. 11. 19 17.00 \u2013 Obecn\u00ed d\u016fm, Praha: L. J. mezi \u0159e\u010dn\u00edky semin\u00e1\u0159e IVK \u201e30 let cesty ke svobod\u011b, ale [&hellip;]<\/p>\n","protected":false},"author":1,"featured_media":0,"parent":0,"menu_order":0,"comment_status":"closed","ping_status":"closed","template":"","meta":{"ngg_post_thumbnail":0,"footnotes":""},"class_list":["post-11998","page","type-page","status-publish","hentry"],"_links":{"self":[{"href":"https:\/\/www.ladislavjakl.cz\/index.php?rest_route=\/wp\/v2\/pages\/11998","targetHints":{"allow":["GET"]}}],"collection":[{"href":"https:\/\/www.ladislavjakl.cz\/index.php?rest_route=\/wp\/v2\/pages"}],"about":[{"href":"https:\/\/www.ladislavjakl.cz\/index.php?rest_route=\/wp\/v2\/types\/page"}],"author":[{"embeddable":true,"href":"https:\/\/www.ladislavjakl.cz\/index.php?rest_route=\/wp\/v2\/users\/1"}],"replies":[{"embeddable":true,"href":"https:\/\/www.ladislavjakl.cz\/index.php?rest_route=%2Fwp%2Fv2%2Fcomments&post=11998"}],"version-history":[{"count":2,"href":"https:\/\/www.ladislavjakl.cz\/index.php?rest_route=\/wp\/v2\/pages\/11998\/revisions"}],"predecessor-version":[{"id":12000,"href":"https:\/\/www.ladislavjakl.cz\/index.php?rest_route=\/wp\/v2\/pages\/11998\/revisions\/12000"}],"wp:attachment":[{"href":"https:\/\/www.ladislavjakl.cz\/index.php?rest_route=%2Fwp%2Fv2%2Fmedia&parent=11998"}],"curies":[{"name":"wp","href":"https:\/\/api.w.org\/{rel}","templated":true}]}}

Archiv rubriky „Co se děje“ – rok 2019

<p><span style="color: #808080;">21. 12. 19 12.00, KD Mlejn, Praha – Stodůlky: L. J. v porotě finále soutěže kapel Skutečná liga</span></p>
<p><span style="color: #808080;">26. 11. 19 19:00 <a style="color: #808080;" href="http://www.prvnipivniextraliga.cz/" target="_blank" rel="noopener noreferrer">První pivní extraliga</a> v První pivní tramwayi: ČR – SK Superfinále: Ležák 2019</span></p>
<p><span style="color: #808080;">12. 11. 19 17.00 – Obecní dům, Praha: L. J. mezi řečníky semináře IVK „30 let cesty ke svobodě, ale i zpět.“</span></p>
<p><span style="color: #808080;">07. 11. 19 11.00, pivovar Zíchovec – L. J. na předávání Výročních cen Sdružení přátel piva</span></p>
<p><span style="color: #808080;">06. 11. 19 18.00 – Fakulta sociálních studií Masarykovy univerzity, Brno: L. J. v&nbsp;panelu debaty na téma „Mají čeští vojáci odejít z&nbsp;Afghánistánu?!</span></p>
<p><span style="color: #808080;">21. 10. 19 09.30 – Poslanecká sněmovna: L. J. jedním z&nbsp;řečníků na parlamentním semináři Stát a média</span></p>
<p><span style="color: #808080;">15. 10. 19&nbsp;<a style="color: #808080;" href="http://www.prvnipivniextraliga.cz/" target="_blank" rel="noopener noreferrer">První pivní extraliga</a> v První pivní tramwayi: FINÁLE „Český ležák 2019“</span></p>
<p><span style="color: #808080;">17. 09. 19&nbsp;<a style="color: #808080;" href="http://www.prvnipivniextraliga.cz/" target="_blank" rel="noopener noreferrer">První pivní extraliga</a> v První pivní tramwayi:&nbsp;2. semifinálové kolo „Český ležák 2019“</span></p>
<p><span style="color: #808080;">17. 09. 19 Univerzitní centrum Telč – účast L. J. na konferenci Mediální reflexe</span></p>
<p><span style="color: #808080;">03. 09. 19&nbsp;<a style="color: #808080;" href="http://www.prvnipivniextraliga.cz/" target="_blank" rel="noopener noreferrer">První pivní extraliga</a> v První pivní tramwayi:&nbsp;1. semifinálové kolo „Český ležák 2019“</span></p>
<p><span style="color: #808080;">23. 08. 19 21.30, kostel Sv. Ducha, Staré Město u Uh. Hradiště: projev L. J. na setkání proti Istanbulské úmluvě</span></p>
<p><span style="color: #808080;">15. 08. 19 14.00 – Institut Václava Klause, Hanspaulka: představení nové knihy L. J. „Z Hanspaulky o svobodě“</span></p>
<p><span style="color: #808080;">10. 08. 19 po celý den – L. J., v diskusním panelu v rámci Vlasteneckého setkání za zámku Příčovy</span></p>
<p><span style="color: #808080;">17. 07. 19 19.00 – L. J. hostem pořadu Klábosnice internetového rádia Svobodný vysílač</span></p>
<p><span style="color: #808080;">10. 07. 19 12.00 – Turčiansky pivovarnicky dom, hotel Victoria, Martin, Slovensko: L. J. spolu s PPE vybírá nejlepší slovenský ležák dostupný v běžné obchodní síti</span></p>
<p><span style="color: #808080;">03. 07. 19 19.00 – studio Beta Svobodného rádia – živý rozhovor s L. J. o současné atmosféře ve společnosti</span></p>
<p><span style="color: #808080;">27. 06. 19 17.30, Magister Kelley: L. J. „křtí“ knihu Josefa Provazníka Odhalujeme Putinovy lži</span></p>
<p><span style="color: #808080;">20. 06. 19 10.30 – Ladislav Jakl živě v pořadu Osobnosti Plus Barbory Tachecí na stanici Český rozhlas Plus</span></p>
<p><span style="color: #808080;">13. 06. 19 15.00 &#8211; web TV Prima + facebook TV Prima: L. J. v&nbsp;živé besedě na téma studentských stávek proti klimatu</span></p>
<p><span style="color: #808080;">13. 05. 19 Pivovar Zubr, Přerov &#8211; Prezident První pivní extraligy Ladislav Jakl předává diplom za 1. místo v soutěži Nejlepší ležák 2018!</span></p>
<p><span style="color: #808080;">17. 04. 19 19:00&nbsp;<a style="color: #808080;" href="http://www.prvnipivniextraliga.cz/" target="_blank" rel="noopener noreferrer">První pivní extraliga</a> v První pivní tramwayi: 5. základní kolo Český Ležák 2019</span></p>
<p><span style="color: #808080;">16. 04. 19&nbsp;19:00&nbsp;<a style="color: #808080;" href="http://www.prvnipivniextraliga.cz/" target="_blank" rel="noopener noreferrer">První pivní extraliga</a> v První pivní tramwayi: 4. základní kolo Český Ležák 2019</span></p>
<p><span style="color: #808080;">10. 04. 19 18:00 Pivovar Hluboká Na náměstí, Beseda s&nbsp;L. J. na téma „Přežije Západ naši generaci?“</span></p>
<p><span style="color: #808080;">09. 04. 19 18:30 TV Kolektif: L. J. účastníkem besedy o veřejných médiích a roli státu &nbsp;</span></p>
<p><span style="color: #808080;">02. 04. 19 19:00 <a style="color: #808080;" href="http://www.prvnipivniextraliga.cz/" target="_blank" rel="noopener noreferrer">První pivní extraliga</a> v První pivní tramwayi: 3. základní kolo Český Ležák 2019</span></p>
<p><span style="color: #808080;">02. 04. 19 12.30 TV iDnes: L. J. hostem pořadu Rozstřel</span></p>
<p><span style="color: #808080;">01. 04. 19 19:25 TV Barrandov: L. J. hostem pořadu Moje zprávy</span></p>
<p><span style="color: #808080;">29. 03. 19 15:00 televize DVTV, rozhovor s&nbsp;L. J. o volbě členem Rady pro vysílání</span></p>
<p><span style="color: #808080;">04. 03. 19 19:00 <a style="color: #808080;" href="http://www.prvnipivniextraliga.cz/" target="_blank" rel="noopener noreferrer">První pivní extraliga</a> v První pivní tramwayi: 2. základní kolo Český Ležák 2019</span></p>
<p><span style="color: #808080;">28. 02. 19 CIMRFEST, Vagon, Praha – Národní třída, koncert kapely <a style="color: #808080;" href="http://folimankablues.cz/" target="_blank" rel="noopener noreferrer">Folimanka Blues</a></span></p>
<p><span style="color: #808080;">25. 02. 19 15.00, TV Prima: L. J. v&nbsp;živém vysílání polemiky o návrhu na státem kontrolované prostituci</span></p>
<p><span style="color: #808080;">18. 02. 19 18:00: rádio Frekvence 1 &#8211; L. J. v Pressklubu</span></p>
<p><span style="color: #808080;">12. 02. 19 19:00 <span style="color: #000000;"><a href="http://www.prvnipivniextraliga.cz/" target="_blank" rel="noopener noreferrer">První pivní extraliga</a></span> v První pivní tramwayi: 1. základní kolo Český Ležák 2019</span></p>
<p><span style="color: #808080;">07. 01. 19 14:00 <span style="color: #000000;"><a href="http://www.prvnipivniextraliga.cz/" target="_blank" rel="noopener noreferrer">První pivní extraliga</a></span> v První pivní tramwayi: Finále Král Prahy 2018. Soutěž malých pražských pivovarů&nbsp;</span></p>

<p>21. 12. 19 12.00, KD Mlejn, Praha – Stodůlky: L. J. v porotě finále soutěže kapel Skutečná liga 26. 11. 19 19:00 První pivní extraliga v První pivní tramwayi: ČR – SK Superfinále: Ležák 2019 12. 11. 19 17.00 – Obecní dům, Praha: L. J. mezi řečníky semináře IVK „30 let cesty ke svobodě, ale [&hellip;]</p>
