{"id":12514,"date":"2022-01-06T10:07:38","date_gmt":"2022-01-06T09:07:38","guid":{"rendered":"http:\/\/www.ladislavjakl.cz\/?page_id=12514"},"modified":"2022-01-06T10:08:02","modified_gmt":"2022-01-06T09:08:02","slug":"archiv-rubriky-co-se-deje-rok-2020","status":"publish","type":"page","link":"https:\/\/www.ladislavjakl.cz\/?page_id=12514","title":{"rendered":"Archiv rubriky \u201eCo se d\u011bje\u201c \u2013 rok 2020"},"content":{"rendered":"<p><span style=\"color: #808080;\">10. 12. 2020 &#8211; Slavnostn\u00ed Nar\u00e1\u017een\u00ed nov\u00e9 knihy Ladislava Jakla a Daniely Kov\u00e1\u0159ov\u00e9 Piva\u0159 a Blond\u00fdna<\/span><\/p>\n<p><span style=\"color: #808080;\">&nbsp;&nbsp;&nbsp;&nbsp;&nbsp;&nbsp;&nbsp;&nbsp;&nbsp;&nbsp;&nbsp;&nbsp;&nbsp;&nbsp;&nbsp;&nbsp;&nbsp;&nbsp;&nbsp;&nbsp;&nbsp;&nbsp;&nbsp;&nbsp;&nbsp;&nbsp;&nbsp;&nbsp;&nbsp;&nbsp; 15.00 \u2013 pivot\u00e9ka Pivn\u00ed Mozaika v&nbsp;Karl\u00edn\u011b<\/span><\/p>\n<p><span style=\"color: #808080;\">&nbsp;&nbsp;&nbsp;&nbsp;&nbsp;&nbsp;&nbsp;&nbsp;&nbsp;&nbsp;&nbsp;&nbsp;&nbsp;&nbsp;&nbsp;&nbsp;&nbsp;&nbsp;&nbsp;&nbsp;&nbsp;&nbsp;&nbsp;&nbsp;&nbsp;&nbsp;&nbsp;&nbsp;&nbsp;&nbsp; 16.30 \u2013 belgick\u00e1 pivnice Kwak Na Kn\u00ed\u017eec\u00ed<\/span><\/p>\n<p><span style=\"color: #808080;\">&nbsp;&nbsp;&nbsp;&nbsp;&nbsp;&nbsp;&nbsp;&nbsp;&nbsp;&nbsp;&nbsp;&nbsp;&nbsp;&nbsp;&nbsp;&nbsp;&nbsp;&nbsp;&nbsp;&nbsp;&nbsp;&nbsp;&nbsp;&nbsp;&nbsp;&nbsp;&nbsp;&nbsp;&nbsp;&nbsp; 18.00 \u2013 restaurace Prvn\u00ed Pivn\u00ed Tramway na Spo\u0159ilov\u011b<\/span><\/p>\n<p><span style=\"color: #808080;\">&nbsp;&nbsp;&nbsp;&nbsp;&nbsp;&nbsp;&nbsp;&nbsp;&nbsp;&nbsp;&nbsp;&nbsp;&nbsp;&nbsp;&nbsp;&nbsp;&nbsp;&nbsp;&nbsp;&nbsp;&nbsp;&nbsp;&nbsp;&nbsp;&nbsp;&nbsp;&nbsp;&nbsp;&nbsp;&nbsp; 19.30 \u2013 bar Magister Kelley na Folimance<\/span><\/p>\n<p><span style=\"color: #808080;\">07. 12. 20 18.00, \u010cesk\u00fd rozhlas: L. J. v Podcastu Aleny H\u00e1jkov\u00e9<\/span><\/p>\n<p><span style=\"color: #808080;\">04.12. 20 19.00 \u2013 L. J. \u017eiv\u011b na Radiu Hey o knize Piva\u0159 a Blond\u00fdna<\/span><\/p>\n<p><span style=\"color: #808080;\">20. 11. 20 15.00, studio Node5, nahr\u00e1v\u00e1n\u00ed po\u0159adu Jedno procento Milo\u0161e \u010cerm\u00e1ka<\/span><\/p>\n<p><span style=\"color: #808080;\">08. 11. 20 21.00 \u2013 L. J. \u017eiv\u011b v TV po\u0159adu Lubo\u0161e Xavera Vesel\u00e9ho Xaver Live<\/span><\/p>\n<p><span style=\"color: #808080;\">08. 11. 20 11.30 \u2013 Mohyla Bitvy na B\u00edl\u00e9 ho\u0159e \u2013 L. J. na pietn\u00edm aktu k 400. v\u00fdro\u010d\u00ed bitvy.<\/span><\/p>\n<p><span style=\"color: #808080;\">27. 10. 20 Fin\u00e1lov\u00e9 kolo sout\u011b\u017ee PPE: Nejlep\u0161\u00ed le\u017e\u00e1k 2020, Prvn\u00ed Pivn\u00ed Tramway<\/span><\/p>\n<p><span style=\"color: #808080;\">13. 10. 20 2. Semifin\u00e1lov\u00e9 kolo sout\u011b\u017ee PPE: Nejlep\u0161\u00ed le\u017e\u00e1k 2020, Prvn\u00ed Pivn\u00ed Tramway<\/span><\/p>\n<p><span style=\"color: #808080;\">12. 10. 20 od 18 hodin je L.J. hostem na Akci D.O.S.T., kter\u00e1 po\u0159\u00e1d\u00e1 28. ve\u010der s n\u00e1zvem Hovory na pravici. Novotn\u00e9ho l\u00e1vka 5, Praha 1<\/span><\/p>\n<p><span style=\"color: #808080;\">29. 09. 20 1. Semifin\u00e1lov\u00e9 kolo sout\u011b\u017ee PPE: Nejlep\u0161\u00ed le\u017e\u00e1k 2020, Prvn\u00ed Pivn\u00ed Tramway<\/span><\/p>\n<p><span style=\"color: #808080;\">16. 09. 20, 12.00 \u2013 pivovar Sessler, Trnava, Slovensko: L. J. na degustaci nejlep\u0161\u00edch slovensk\u00fdch le\u017e\u00e1k\u016f v r\u00e1mci Prvn\u00ed pivn\u00ed extraligy<\/span><\/p>\n<p><span style=\"color: #808080;\">08. 09. 20 16.00, Pal\u00e1c knih Luxor, V\u00e1clavsk\u00e9 n\u00e1m\u011bst\u00ed \u2013 L. J. jako spoluautor na uveden\u00ed knihy IVK Sebedestrukce Z\u00e1padu na trh<\/span><\/p>\n<p><span style=\"color: #808080;\">26. 08.20 19.05 \u2013 vystoupen\u00ed L. J. na lodi (A)Void, Praha &#8211; V\u00fdto\u0148 v r\u00e1mci Open Mike<\/span><\/p>\n<p><span style=\"color: #808080;\">30. 07. 20 18.00 L. J. hostem internetov\u00e9ho po\u0159adu Vys\u00edl\u00e1n\u00ed z gau\u010de Pavla \u010cernock\u00e9ho<\/span><\/p>\n<p><span style=\"color: #808080;\">31. 07. 20 17.00 pivovar Vojan\u016fv dv\u016fr, L. J. \u00fa\u010dastn\u00edkem setk\u00e1n\u00ed p\u0159\u00e1tel \u010dasopisu My<\/span><\/p>\n<p><span style=\"color: #808080;\">08. 07. 20&nbsp;<a style=\"color: #808080;\" href=\"http:\/\/www.prvnipivniextraliga.cz\/\" target=\"_blank\" rel=\"noopener noreferrer\">Prvn\u00ed pivn\u00ed extraliga<\/a> v Prvn\u00ed pivn\u00ed tramwayi: 5. z\u00e1kladn\u00ed kolo sout\u011b\u017ee \u201e\u010cesk\u00fd le\u017e\u00e1k 2020\u201c<\/span><\/p>\n<p><span style=\"color: #808080;\">23. 06. 20&nbsp;<a style=\"color: #808080;\" href=\"http:\/\/www.prvnipivniextraliga.cz\/\" target=\"_blank\" rel=\"noopener noreferrer\">Prvn\u00ed pivn\u00ed extraliga<\/a> v Prvn\u00ed pivn\u00ed tramwayi: 4. z\u00e1kladn\u00ed kolo sout\u011b\u017ee \u201e\u010cesk\u00fd le\u017e\u00e1k 2020\u201c<\/span><\/p>\n<p><span style=\"color: #808080;\">12.06.20 L.J. na rozlou\u010den\u00ed s Martinem Ko\u0161\u00ed\u010dkem, Velk\u00e1 ob\u0159adn\u00ed s\u00ed\u0148, Ol\u0161ansk\u00e9 h\u0159bitovy, Praha<\/span><\/p>\n<p><span style=\"color: #808080;\">09. 06. 20&nbsp;<a style=\"color: #808080;\" href=\"http:\/\/www.prvnipivniextraliga.cz\/\" target=\"_blank\" rel=\"noopener noreferrer\">Prvn\u00ed pivn\u00ed extraliga<\/a> v Prvn\u00ed pivn\u00ed tramwayi: 3. z\u00e1kladn\u00ed kolo sout\u011b\u017ee \u201e\u010cesk\u00fd le\u017e\u00e1k 2020\u201c<\/span><\/p>\n<p><span style=\"color: #808080;\">26. 05. 20&nbsp;<a style=\"color: #808080;\" href=\"http:\/\/www.prvnipivniextraliga.cz\/\" target=\"_blank\" rel=\"noopener noreferrer\">Prvn\u00ed pivn\u00ed extraliga<\/a> v Prvn\u00ed pivn\u00ed tramwayi: 2. z\u00e1kladn\u00ed kolo sout\u011b\u017ee \u201e\u010cesk\u00fd le\u017e\u00e1k 2020\u201c<\/span><\/p>\n<p><span style=\"color: #808080;\">04. 03. 20 L.J. p\u0159ed\u00e1v\u00e1&nbsp;ocen\u011bn\u00ed za v\u00edt\u011bzstv\u00ed v&nbsp;10. ro\u010dn\u00edku PPE pivovaru Litovel a za v\u00edt\u011bzstv\u00ed v&nbsp;\u010cesko \u2013 slovensk\u00e9m Superfin\u00e1le za rok 2019 pivovaru Holba.<\/span><\/p>\n<p><span style=\"color: #808080;\">03. 03. 20&nbsp;<a style=\"color: #808080;\" href=\"http:\/\/www.prvnipivniextraliga.cz\/\" target=\"_blank\" rel=\"noopener noreferrer\">Prvn\u00ed pivn\u00ed extraliga<\/a> v Prvn\u00ed pivn\u00ed tramwayi:&nbsp;1. z\u00e1kladn\u00ed kolo sout\u011b\u017ee \u201e\u010cesk\u00fd le\u017e\u00e1k 2020\u201c<\/span><\/p>\n<p><span style=\"color: #808080;\">28. 02. 20 CIMRFEST, Vagon, Praha \u2013 N\u00e1rodn\u00ed t\u0159\u00edda<\/span><\/p>\n<p><span style=\"color: #808080;\">07. 01. 2020 Prvn\u00ed Pivn\u00ed Extraliga, fin\u00e1le sout\u011b\u017ee KR\u00c1L PRAHY 2019, Prvn\u00ed Pivn\u00ed Tramway<\/span><\/p>\n<p><span style=\"color: #808080;\">05. 01. 2020 Prvn\u00ed Pivn\u00ed Extraliga, z\u00e1kladn\u00ed kola sout\u011b\u017ee KR\u00c1L PRAHY 2019, Prvn\u00ed Pivn\u00ed Tramway<\/span><\/p>\n","protected":false},"excerpt":{"rendered":"<p>10. 12. 2020 &#8211; Slavnostn\u00ed Nar\u00e1\u017een\u00ed nov\u00e9 knihy Ladislava Jakla a Daniely Kov\u00e1\u0159ov\u00e9 Piva\u0159 a Blond\u00fdna &nbsp;&nbsp;&nbsp;&nbsp;&nbsp;&nbsp;&nbsp;&nbsp;&nbsp;&nbsp;&nbsp;&nbsp;&nbsp;&nbsp;&nbsp;&nbsp;&nbsp;&nbsp;&nbsp;&nbsp;&nbsp;&nbsp;&nbsp;&nbsp;&nbsp;&nbsp;&nbsp;&nbsp;&nbsp;&nbsp; 15.00 \u2013 pivot\u00e9ka Pivn\u00ed Mozaika v&nbsp;Karl\u00edn\u011b &nbsp;&nbsp;&nbsp;&nbsp;&nbsp;&nbsp;&nbsp;&nbsp;&nbsp;&nbsp;&nbsp;&nbsp;&nbsp;&nbsp;&nbsp;&nbsp;&nbsp;&nbsp;&nbsp;&nbsp;&nbsp;&nbsp;&nbsp;&nbsp;&nbsp;&nbsp;&nbsp;&nbsp;&nbsp;&nbsp; 16.30 \u2013 belgick\u00e1 pivnice Kwak Na Kn\u00ed\u017eec\u00ed &nbsp;&nbsp;&nbsp;&nbsp;&nbsp;&nbsp;&nbsp;&nbsp;&nbsp;&nbsp;&nbsp;&nbsp;&nbsp;&nbsp;&nbsp;&nbsp;&nbsp;&nbsp;&nbsp;&nbsp;&nbsp;&nbsp;&nbsp;&nbsp;&nbsp;&nbsp;&nbsp;&nbsp;&nbsp;&nbsp; 18.00 \u2013 restaurace Prvn\u00ed Pivn\u00ed Tramway na Spo\u0159ilov\u011b &nbsp;&nbsp;&nbsp;&nbsp;&nbsp;&nbsp;&nbsp;&nbsp;&nbsp;&nbsp;&nbsp;&nbsp;&nbsp;&nbsp;&nbsp;&nbsp;&nbsp;&nbsp;&nbsp;&nbsp;&nbsp;&nbsp;&nbsp;&nbsp;&nbsp;&nbsp;&nbsp;&nbsp;&nbsp;&nbsp; 19.30 \u2013 bar Magister Kelley na Folimance 07. 12. 20 18.00, \u010cesk\u00fd rozhlas: L. [&hellip;]<\/p>\n","protected":false},"author":1,"featured_media":0,"parent":0,"menu_order":0,"comment_status":"closed","ping_status":"closed","template":"","meta":{"ngg_post_thumbnail":0,"footnotes":""},"class_list":["post-12514","page","type-page","status-publish","hentry"],"_links":{"self":[{"href":"https:\/\/www.ladislavjakl.cz\/index.php?rest_route=\/wp\/v2\/pages\/12514","targetHints":{"allow":["GET"]}}],"collection":[{"href":"https:\/\/www.ladislavjakl.cz\/index.php?rest_route=\/wp\/v2\/pages"}],"about":[{"href":"https:\/\/www.ladislavjakl.cz\/index.php?rest_route=\/wp\/v2\/types\/page"}],"author":[{"embeddable":true,"href":"https:\/\/www.ladislavjakl.cz\/index.php?rest_route=\/wp\/v2\/users\/1"}],"replies":[{"embeddable":true,"href":"https:\/\/www.ladislavjakl.cz\/index.php?rest_route=%2Fwp%2Fv2%2Fcomments&post=12514"}],"version-history":[{"count":2,"href":"https:\/\/www.ladislavjakl.cz\/index.php?rest_route=\/wp\/v2\/pages\/12514\/revisions"}],"predecessor-version":[{"id":12516,"href":"https:\/\/www.ladislavjakl.cz\/index.php?rest_route=\/wp\/v2\/pages\/12514\/revisions\/12516"}],"wp:attachment":[{"href":"https:\/\/www.ladislavjakl.cz\/index.php?rest_route=%2Fwp%2Fv2%2Fmedia&parent=12514"}],"curies":[{"name":"wp","href":"https:\/\/api.w.org\/{rel}","templated":true}]}}

Archiv rubriky „Co se děje“ – rok 2020

<p><span style="color: #808080;">10. 12. 2020 &#8211; Slavnostní Narážení nové knihy Ladislava Jakla a Daniely Kovářové Pivař a Blondýna</span></p>
<p><span style="color: #808080;">&nbsp;&nbsp;&nbsp;&nbsp;&nbsp;&nbsp;&nbsp;&nbsp;&nbsp;&nbsp;&nbsp;&nbsp;&nbsp;&nbsp;&nbsp;&nbsp;&nbsp;&nbsp;&nbsp;&nbsp;&nbsp;&nbsp;&nbsp;&nbsp;&nbsp;&nbsp;&nbsp;&nbsp;&nbsp;&nbsp; 15.00 – pivotéka Pivní Mozaika v&nbsp;Karlíně</span></p>
<p><span style="color: #808080;">&nbsp;&nbsp;&nbsp;&nbsp;&nbsp;&nbsp;&nbsp;&nbsp;&nbsp;&nbsp;&nbsp;&nbsp;&nbsp;&nbsp;&nbsp;&nbsp;&nbsp;&nbsp;&nbsp;&nbsp;&nbsp;&nbsp;&nbsp;&nbsp;&nbsp;&nbsp;&nbsp;&nbsp;&nbsp;&nbsp; 16.30 – belgická pivnice Kwak Na Knížecí</span></p>
<p><span style="color: #808080;">&nbsp;&nbsp;&nbsp;&nbsp;&nbsp;&nbsp;&nbsp;&nbsp;&nbsp;&nbsp;&nbsp;&nbsp;&nbsp;&nbsp;&nbsp;&nbsp;&nbsp;&nbsp;&nbsp;&nbsp;&nbsp;&nbsp;&nbsp;&nbsp;&nbsp;&nbsp;&nbsp;&nbsp;&nbsp;&nbsp; 18.00 – restaurace První Pivní Tramway na Spořilově</span></p>
<p><span style="color: #808080;">&nbsp;&nbsp;&nbsp;&nbsp;&nbsp;&nbsp;&nbsp;&nbsp;&nbsp;&nbsp;&nbsp;&nbsp;&nbsp;&nbsp;&nbsp;&nbsp;&nbsp;&nbsp;&nbsp;&nbsp;&nbsp;&nbsp;&nbsp;&nbsp;&nbsp;&nbsp;&nbsp;&nbsp;&nbsp;&nbsp; 19.30 – bar Magister Kelley na Folimance</span></p>
<p><span style="color: #808080;">07. 12. 20 18.00, Český rozhlas: L. J. v Podcastu Aleny Hájkové</span></p>
<p><span style="color: #808080;">04.12. 20 19.00 – L. J. živě na Radiu Hey o knize Pivař a Blondýna</span></p>
<p><span style="color: #808080;">20. 11. 20 15.00, studio Node5, nahrávání pořadu Jedno procento Miloše Čermáka</span></p>
<p><span style="color: #808080;">08. 11. 20 21.00 – L. J. živě v TV pořadu Luboše Xavera Veselého Xaver Live</span></p>
<p><span style="color: #808080;">08. 11. 20 11.30 – Mohyla Bitvy na Bílé hoře – L. J. na pietním aktu k 400. výročí bitvy.</span></p>
<p><span style="color: #808080;">27. 10. 20 Finálové kolo soutěže PPE: Nejlepší ležák 2020, První Pivní Tramway</span></p>
<p><span style="color: #808080;">13. 10. 20 2. Semifinálové kolo soutěže PPE: Nejlepší ležák 2020, První Pivní Tramway</span></p>
<p><span style="color: #808080;">12. 10. 20 od 18 hodin je L.J. hostem na Akci D.O.S.T., která pořádá 28. večer s názvem Hovory na pravici. Novotného lávka 5, Praha 1</span></p>
<p><span style="color: #808080;">29. 09. 20 1. Semifinálové kolo soutěže PPE: Nejlepší ležák 2020, První Pivní Tramway</span></p>
<p><span style="color: #808080;">16. 09. 20, 12.00 – pivovar Sessler, Trnava, Slovensko: L. J. na degustaci nejlepších slovenských ležáků v rámci První pivní extraligy</span></p>
<p><span style="color: #808080;">08. 09. 20 16.00, Palác knih Luxor, Václavské náměstí – L. J. jako spoluautor na uvedení knihy IVK Sebedestrukce Západu na trh</span></p>
<p><span style="color: #808080;">26. 08.20 19.05 – vystoupení L. J. na lodi (A)Void, Praha &#8211; Výtoň v rámci Open Mike</span></p>
<p><span style="color: #808080;">30. 07. 20 18.00 L. J. hostem internetového pořadu Vysílání z gauče Pavla Černockého</span></p>
<p><span style="color: #808080;">31. 07. 20 17.00 pivovar Vojanův dvůr, L. J. účastníkem setkání přátel časopisu My</span></p>
<p><span style="color: #808080;">08. 07. 20&nbsp;<a style="color: #808080;" href="http://www.prvnipivniextraliga.cz/" target="_blank" rel="noopener noreferrer">První pivní extraliga</a> v První pivní tramwayi: 5. základní kolo soutěže „Český ležák 2020“</span></p>
<p><span style="color: #808080;">23. 06. 20&nbsp;<a style="color: #808080;" href="http://www.prvnipivniextraliga.cz/" target="_blank" rel="noopener noreferrer">První pivní extraliga</a> v První pivní tramwayi: 4. základní kolo soutěže „Český ležák 2020“</span></p>
<p><span style="color: #808080;">12.06.20 L.J. na rozloučení s Martinem Košíčkem, Velká obřadní síň, Olšanské hřbitovy, Praha</span></p>
<p><span style="color: #808080;">09. 06. 20&nbsp;<a style="color: #808080;" href="http://www.prvnipivniextraliga.cz/" target="_blank" rel="noopener noreferrer">První pivní extraliga</a> v První pivní tramwayi: 3. základní kolo soutěže „Český ležák 2020“</span></p>
<p><span style="color: #808080;">26. 05. 20&nbsp;<a style="color: #808080;" href="http://www.prvnipivniextraliga.cz/" target="_blank" rel="noopener noreferrer">První pivní extraliga</a> v První pivní tramwayi: 2. základní kolo soutěže „Český ležák 2020“</span></p>
<p><span style="color: #808080;">04. 03. 20 L.J. předává&nbsp;ocenění za vítězství v&nbsp;10. ročníku PPE pivovaru Litovel a za vítězství v&nbsp;Česko – slovenském Superfinále za rok 2019 pivovaru Holba.</span></p>
<p><span style="color: #808080;">03. 03. 20&nbsp;<a style="color: #808080;" href="http://www.prvnipivniextraliga.cz/" target="_blank" rel="noopener noreferrer">První pivní extraliga</a> v První pivní tramwayi:&nbsp;1. základní kolo soutěže „Český ležák 2020“</span></p>
<p><span style="color: #808080;">28. 02. 20 CIMRFEST, Vagon, Praha – Národní třída</span></p>
<p><span style="color: #808080;">07. 01. 2020 První Pivní Extraliga, finále soutěže KRÁL PRAHY 2019, První Pivní Tramway</span></p>
<p><span style="color: #808080;">05. 01. 2020 První Pivní Extraliga, základní kola soutěže KRÁL PRAHY 2019, První Pivní Tramway</span></p>

<p>10. 12. 2020 &#8211; Slavnostní Narážení nové knihy Ladislava Jakla a Daniely Kovářové Pivař a Blondýna &nbsp;&nbsp;&nbsp;&nbsp;&nbsp;&nbsp;&nbsp;&nbsp;&nbsp;&nbsp;&nbsp;&nbsp;&nbsp;&nbsp;&nbsp;&nbsp;&nbsp;&nbsp;&nbsp;&nbsp;&nbsp;&nbsp;&nbsp;&nbsp;&nbsp;&nbsp;&nbsp;&nbsp;&nbsp;&nbsp; 15.00 – pivotéka Pivní Mozaika v&nbsp;Karlíně &nbsp;&nbsp;&nbsp;&nbsp;&nbsp;&nbsp;&nbsp;&nbsp;&nbsp;&nbsp;&nbsp;&nbsp;&nbsp;&nbsp;&nbsp;&nbsp;&nbsp;&nbsp;&nbsp;&nbsp;&nbsp;&nbsp;&nbsp;&nbsp;&nbsp;&nbsp;&nbsp;&nbsp;&nbsp;&nbsp; 16.30 – belgická pivnice Kwak Na Knížecí &nbsp;&nbsp;&nbsp;&nbsp;&nbsp;&nbsp;&nbsp;&nbsp;&nbsp;&nbsp;&nbsp;&nbsp;&nbsp;&nbsp;&nbsp;&nbsp;&nbsp;&nbsp;&nbsp;&nbsp;&nbsp;&nbsp;&nbsp;&nbsp;&nbsp;&nbsp;&nbsp;&nbsp;&nbsp;&nbsp; 18.00 – restaurace První Pivní Tramway na Spořilově &nbsp;&nbsp;&nbsp;&nbsp;&nbsp;&nbsp;&nbsp;&nbsp;&nbsp;&nbsp;&nbsp;&nbsp;&nbsp;&nbsp;&nbsp;&nbsp;&nbsp;&nbsp;&nbsp;&nbsp;&nbsp;&nbsp;&nbsp;&nbsp;&nbsp;&nbsp;&nbsp;&nbsp;&nbsp;&nbsp; 19.30 – bar Magister Kelley na Folimance 07. 12. 20 18.00, Český rozhlas: L. [&hellip;]</p>
