{"id":13963,"date":"2024-01-16T10:11:28","date_gmt":"2024-01-16T09:11:28","guid":{"rendered":"https:\/\/www.ladislavjakl.cz\/?page_id=13963"},"modified":"2024-01-16T10:11:28","modified_gmt":"2024-01-16T09:11:28","slug":"archiv-rubriky-co-se-deje-rok-2022","status":"publish","type":"page","link":"https:\/\/www.ladislavjakl.cz\/?page_id=13963","title":{"rendered":"Archiv rubriky \u201eCo se d\u011bje\u201c \u2013 rok 2022"},"content":{"rendered":"<p><!--more--><\/p>\n<p><span style=\"color: #666699;\">11. 12. 2022, 19.30 \u2013 Na Slamn\u00edku, Praha \u2013 Bubene\u010d, tradi\u010dn\u00ed p\u0159edv\u00e1no\u010dn\u00ed koncert kapely Folimanka Blues<\/span><\/p>\n<p><span style=\"color: #666699;\">07. 12. 2022, 16.00 \u2013 Koloto\u010dovo Pub, Liptovsk\u00fd Mikul\u00e1\u0161, Slovensko: Slovensko-\u010desk\u00e9 Superfin\u00e1le Prvn\u00ed pivn\u00ed extraligy 2022<\/span><\/p>\n<p><span style=\"color: #666699;\">03. 12. 2022, 14.00 \u2013 Prvn\u00ed Pivn\u00ed Tramway, degustace le\u017e\u00e1k\u016f v\u0161ech pra\u017esk\u00fdch mikropivovar\u016f v sout\u011b\u017ei Kr\u00e1l Prahy pro rok 2022<\/span><\/p>\n<p><span style=\"color: #666699;\">20. 11. 2022, 12.00 \u2013 kulturn\u00ed d\u016fm S\u00edtn\u00e1, Kladno: L. J. v porot\u011b u\u017e 17. ro\u010dn\u00edku sout\u011b\u017ee kapel v \u017eiv\u00e9m hran\u00ed Skute\u010dn\u00e1 liga<\/span><\/p>\n<p><span style=\"color: #666699;\">10. 11. 2022, 12.00 &#8211; pivovar \u010cerven\u00fd vlk, Bo\u017e\u00ed Dar: p\u0159edn\u00e1\u0161ka L. J. \u201cDiskrimina\u010dn\u00ed spot\u0159ebn\u00ed da\u0148 z piva\u201d na workshopu pro pivovarn\u00edky, po\u0159\u00e1dan\u00e9ho skupinou ARIX CZECH HOP ve spolupr\u00e1ci z \u017eateck\u00fdm Chmela\u0159sk\u00fdm institutem<\/span><\/p>\n<p><span style=\"color: #666699;\">07. 11. 2022, 17.30 \u2013 \u010cSVTS, Novotn\u00e9ho l\u00e1vka, Praha 1: L. J. \u00fa\u010dastn\u00edkem panelu na semin\u00e1\u0159i z&nbsp;cyklu Hovory na pravici, po\u0159\u00e1dan\u00e9m Akc\u00ed D.O.S.T., tentokr\u00e1t na t\u00e9ma Za n\u00e1zor do basy?<\/span><\/p>\n<p><span style=\"color: #808080;\">12. 10. 2022, 13.00 (repr\u00edza ve 20.00) \u2013 \u010cesk\u00fd rozhlas Region: L. J. hostem po\u0159adu Alex a host<\/span><\/p>\n<p><span style=\"color: #808080;\">11. 10. 2022, 19.00 \u2013 Prvn\u00ed Pivn\u00ed Tramway, fin\u00e1le degustace \u010desk\u00fdch tov\u00e1rn\u00edch le\u017e\u00e1k\u016f Prvn\u00ed pivn\u00ed extraligy pro rok 2022<\/span><\/p>\n<p><span style=\"color: #808080;\">02. 10. 2022, 21.00 \u2013 Televize XTV: L. J. hostem \u017eiv\u00e9ho vys\u00edl\u00e1n\u00ed po\u0159adu Xaver Live<\/span><\/p>\n<p><span style=\"color: #808080;\">14. 09. 2022, 17.30 \u2013 Atrium, \u017di\u017ekov: L. J. na setk\u00e1n\u00ed Spole\u010dnosti na obranu svobody projevu<\/span><\/p>\n<p><span style=\"color: #808080;\">13. 09. 2022, 19.00 \u2013 Prvn\u00ed Pivn\u00ed Tramway, druh\u00e9 semifin\u00e1le degustace \u010desk\u00fdch tov\u00e1rn\u00edch le\u017e\u00e1k\u016f Prvn\u00ed pivn\u00ed extraligy<\/span><\/p>\n<p><span style=\"color: #808080;\">10. 09. 2022, 11.00 \u2013 Ctin\u011bves pod \u0158\u00edpem, L. J. mezi \u0159e\u010dn\u00edky tradi\u010dn\u00edho setk\u00e1n\u00ed vlasteneck\u00fdch iniciativ s&nbsp;pochodem na \u0158\u00edp<\/span><\/p>\n<p><span style=\"color: #808080;\">30. 08. 2022, 19.00 \u2013 Prvn\u00ed Pivn\u00ed Tramway, prvn\u00ed semifin\u00e1le degustace \u010desk\u00fdch tov\u00e1rn\u00edch le\u017e\u00e1k\u016f Prvn\u00ed pivn\u00ed extraligy<\/span><\/p>\n<p><span style=\"color: #808080;\">26. 07. 2022, 19.00 \u2013 Prvn\u00ed Pivn\u00ed Tramway, vlo\u017een\u00e1 degustace Prvn\u00ed pivn\u00ed extraligy spole\u010dn\u011b s d\u00e1mskou komorou na t\u00e9ma \u201esiln\u00e1 spodn\u011b kva\u0161en\u00e1 piva z \u010desk\u00fdch pr\u016fmyslov\u00fdch pivovar\u016f\u201c<\/span><\/p>\n<p><span style=\"color: #808080;\">25. 07. 2022, 16.00 \u2013 Pivovar Moucha, Praha-Bran\u00edk: L. J. p\u0159ed\u00e1v\u00e1 ocen\u011bn\u00ed Prvn\u00ed pivn\u00ed extraligy za v\u00edt\u011bzstv\u00ed v degusta\u010dn\u00ed sout\u011b\u017e\u00ed O kr\u00e1le Prahy<\/span><\/p>\n<p><span style=\"color: #808080;\">20.07. 2022, 18.00 \u2013 CNN Prima News, \u017eiv\u011b vys\u00edlan\u00fd rozhovor s Ladislavem Jaklem o boji s podneb\u00edm<\/span><\/p>\n<p><span style=\"color: #808080;\">30.06. 2022, 19.00 \u2013 Prague Central Camp, Praha &#8211; \u017di\u017ekov, speci\u00e1ln\u00ed unplugged koncert kapely Folimanka Blues<\/span><\/p>\n<p><span style=\"color: #808080;\">28.06. 2022, 19.00 \u2013 Prvn\u00ed Pivn\u00ed Tramway, Praha \u2013 Spo\u0159ilov: Slovensk\u00e9 fin\u00e1le le\u017e\u00e1k\u016f 2022, Prvn\u00ed Pivn\u00ed Extraliga<\/span><\/p>\n<p><span style=\"color: #808080;\">22.06. 2022, 13.00 \u2013 Pivovar \u010cern\u00e1 Hora, L. J. za Prvn\u00ed pivn\u00ed extraligu p\u0159ed\u00e1v\u00e1 cenu za v\u00edt\u011bzstv\u00ed piva Uhersk\u00fd Brod, Patriot 11 za v\u00edt\u011bzstv\u00ed v \u010cesko-slovensk\u00e9m Superfin\u00e1le 2021<\/span><\/p>\n<p><span style=\"color: #808080;\">16.06. 2022, 18.00 \u2013 Studio Triko, rozhovor s Ladislavem Jaklem o svobod\u011b, demokracii a m\u00e9di\u00edch<\/span><\/p>\n<p><span style=\"color: #808080;\">24.05. 2022, 19.00 \u2013 Prvn\u00ed Pivn\u00ed Tramway, Praha \u2013 Spo\u0159ilov: 5. z\u00e1kladn\u00ed kolo \u010cesk\u00fd le\u017e\u00e1k 2022, Prvn\u00ed Pivn\u00ed Extraliga<\/span><\/p>\n<p><span style=\"color: #808080;\">10.05. 2022, 19.00 \u2013 Prvn\u00ed Pivn\u00ed Tramway, Praha \u2013 Spo\u0159ilov: 4. z\u00e1kladn\u00ed kolo \u010cesk\u00fd le\u017e\u00e1k 2022, Prvn\u00ed Pivn\u00ed Extraliga<\/span><\/p>\n<p><span style=\"color: #808080;\">24.04. 2022, 12.00 \u2013 Kulturn\u00ed d\u016fm, Kladno \u2013 L. J. v&nbsp;porot\u011b fin\u00e1le nejv\u011bt\u0161\u00ed sout\u011b\u017ee kapel hraj\u00edc\u00edch na\u017eivo Skute\u010dn\u00e1 liga<\/span><\/p>\n<p><span style=\"color: #808080;\">12.04. 2022, 19.00 \u2013 Prvn\u00ed Pivn\u00ed Tramway, Praha \u2013 Spo\u0159ilov: 3. z\u00e1kladn\u00ed kolo \u010cesk\u00fd le\u017e\u00e1k 2022, Prvn\u00ed Pivn\u00ed Extraliga<\/span><\/p>\n<p><span style=\"color: #808080;\">09.04. 2022, 10.00 \u2013 Z\u00e1mek Litomy\u0161l: L. J. v porot\u011b sout\u011b\u017ee domovarn\u00edk\u016f Litomy\u0161lsk\u00fd korbel<\/span><\/p>\n<p><span style=\"color: #808080;\">30.03. 2022, 19.00 \u2013 Prvn\u00ed Pivn\u00ed Tramway, Praha \u2013 Spo\u0159ilov: 2. z\u00e1kladn\u00ed kolo \u010cesk\u00fd le\u017e\u00e1k 2022, Prvn\u00ed Pivn\u00ed Extraliga<\/span><\/p>\n<p><span style=\"color: #808080;\">19.03. 2022, 09.00 \u2013 Pivovarsk\u00fd dv\u016fr Zv\u00edkov: L. J. v degusta\u010dn\u00ed komisi Jarn\u00ed ceny \u010desk\u00fdch sl\u00e1dk\u016f<\/span><\/p>\n<p><span style=\"color: #808080;\">09.03. 2022, 19.00 \u2013 Prvn\u00ed Pivn\u00ed Tramway, Praha \u2013 Spo\u0159ilov: 1. z\u00e1kladn\u00ed kolo \u010cesk\u00fd le\u017e\u00e1k 2022, Prvn\u00ed Pivn\u00ed Extraliga<\/span><\/p>\n<p><span style=\"color: #808080;\">28.02. 2022, 19.30 \u2013 klub Vagon, N\u00e1rodn\u00ed t\u0159\u00edda, Cimrfest, koncert pro muzikanty, co u\u017e nejsou mezi n\u00e1mi (zahraj\u00ed Folimanka Blues s&nbsp;L\u00e1\u010fou Jaklem, Marush s&nbsp;Ond\u0159ejem Hejmou, Jolly Joker @ P.B.U. s&nbsp;Petrem Kumand\u017easem)<\/span><\/p>\n<p><span style=\"color: #808080;\">19.02. 2022, 14.00 \u2013 Prvn\u00ed Pivn\u00ed Tramway: degusta\u010dn\u00ed sout\u011b\u017e Prvn\u00ed pivn\u00ed extraligy o nejlep\u0161\u00ed sudov\u00fd le\u017e\u00e1k z pra\u017esk\u00fdch mikropivovar\u016f Kr\u00e1l Prahy<\/span><\/p>\n<p><span style=\"color: #808080;\">14.02. 2022, 16.00 \u2013 Novotn\u00e9ho l\u00e1vka: L. J. mezi panelisty semin\u00e1\u0159e D.O.S.T. \u201eDost bylo Bruselu\u201c<\/span><\/p>\n<p><span style=\"color: #808080;\">04.01. 2022, 10.30 \u2013 Prima CNN: L. J. v \u017eiv\u011b vys\u00edlan\u00e9 debat\u011b s V\u00e1clavem C\u00edlkem na t\u00e9ma sou\u010dasn\u00e9ho ps\u00edho po\u010das\u00ed<\/span><\/p>\n","protected":false},"excerpt":{"rendered":"","protected":false},"author":1,"featured_media":0,"parent":0,"menu_order":0,"comment_status":"closed","ping_status":"closed","template":"","meta":{"ngg_post_thumbnail":0,"footnotes":""},"class_list":["post-13963","page","type-page","status-publish","hentry"],"_links":{"self":[{"href":"https:\/\/www.ladislavjakl.cz\/index.php?rest_route=\/wp\/v2\/pages\/13963","targetHints":{"allow":["GET"]}}],"collection":[{"href":"https:\/\/www.ladislavjakl.cz\/index.php?rest_route=\/wp\/v2\/pages"}],"about":[{"href":"https:\/\/www.ladislavjakl.cz\/index.php?rest_route=\/wp\/v2\/types\/page"}],"author":[{"embeddable":true,"href":"https:\/\/www.ladislavjakl.cz\/index.php?rest_route=\/wp\/v2\/users\/1"}],"replies":[{"embeddable":true,"href":"https:\/\/www.ladislavjakl.cz\/index.php?rest_route=%2Fwp%2Fv2%2Fcomments&post=13963"}],"version-history":[{"count":1,"href":"https:\/\/www.ladislavjakl.cz\/index.php?rest_route=\/wp\/v2\/pages\/13963\/revisions"}],"predecessor-version":[{"id":13964,"href":"https:\/\/www.ladislavjakl.cz\/index.php?rest_route=\/wp\/v2\/pages\/13963\/revisions\/13964"}],"wp:attachment":[{"href":"https:\/\/www.ladislavjakl.cz\/index.php?rest_route=%2Fwp%2Fv2%2Fmedia&parent=13963"}],"curies":[{"name":"wp","href":"https:\/\/api.w.org\/{rel}","templated":true}]}}

Archiv rubriky „Co se děje“ – rok 2022

<p><!--more--></p>
<p><span style="color: #666699;">11. 12. 2022, 19.30 – Na Slamníku, Praha – Bubeneč, tradiční předvánoční koncert kapely Folimanka Blues</span></p>
<p><span style="color: #666699;">07. 12. 2022, 16.00 – Kolotočovo Pub, Liptovský Mikuláš, Slovensko: Slovensko-české Superfinále První pivní extraligy 2022</span></p>
<p><span style="color: #666699;">03. 12. 2022, 14.00 – První Pivní Tramway, degustace ležáků všech pražských mikropivovarů v soutěži Král Prahy pro rok 2022</span></p>
<p><span style="color: #666699;">20. 11. 2022, 12.00 – kulturní dům Sítná, Kladno: L. J. v porotě už 17. ročníku soutěže kapel v živém hraní Skutečná liga</span></p>
<p><span style="color: #666699;">10. 11. 2022, 12.00 &#8211; pivovar Červený vlk, Boží Dar: přednáška L. J. “Diskriminační spotřební daň z piva” na workshopu pro pivovarníky, pořádaného skupinou ARIX CZECH HOP ve spolupráci z žateckým Chmelařským institutem</span></p>
<p><span style="color: #666699;">07. 11. 2022, 17.30 – ČSVTS, Novotného lávka, Praha 1: L. J. účastníkem panelu na semináři z&nbsp;cyklu Hovory na pravici, pořádaném Akcí D.O.S.T., tentokrát na téma Za názor do basy?</span></p>
<p><span style="color: #808080;">12. 10. 2022, 13.00 (repríza ve 20.00) – Český rozhlas Region: L. J. hostem pořadu Alex a host</span></p>
<p><span style="color: #808080;">11. 10. 2022, 19.00 – První Pivní Tramway, finále degustace českých továrních ležáků První pivní extraligy pro rok 2022</span></p>
<p><span style="color: #808080;">02. 10. 2022, 21.00 – Televize XTV: L. J. hostem živého vysílání pořadu Xaver Live</span></p>
<p><span style="color: #808080;">14. 09. 2022, 17.30 – Atrium, Žižkov: L. J. na setkání Společnosti na obranu svobody projevu</span></p>
<p><span style="color: #808080;">13. 09. 2022, 19.00 – První Pivní Tramway, druhé semifinále degustace českých továrních ležáků První pivní extraligy</span></p>
<p><span style="color: #808080;">10. 09. 2022, 11.00 – Ctiněves pod Řípem, L. J. mezi řečníky tradičního setkání vlasteneckých iniciativ s&nbsp;pochodem na Říp</span></p>
<p><span style="color: #808080;">30. 08. 2022, 19.00 – První Pivní Tramway, první semifinále degustace českých továrních ležáků První pivní extraligy</span></p>
<p><span style="color: #808080;">26. 07. 2022, 19.00 – První Pivní Tramway, vložená degustace První pivní extraligy společně s dámskou komorou na téma „silná spodně kvašená piva z českých průmyslových pivovarů“</span></p>
<p><span style="color: #808080;">25. 07. 2022, 16.00 – Pivovar Moucha, Praha-Braník: L. J. předává ocenění První pivní extraligy za vítězství v degustační soutěží O krále Prahy</span></p>
<p><span style="color: #808080;">20.07. 2022, 18.00 – CNN Prima News, živě vysílaný rozhovor s Ladislavem Jaklem o boji s podnebím</span></p>
<p><span style="color: #808080;">30.06. 2022, 19.00 – Prague Central Camp, Praha &#8211; Žižkov, speciální unplugged koncert kapely Folimanka Blues</span></p>
<p><span style="color: #808080;">28.06. 2022, 19.00 – První Pivní Tramway, Praha – Spořilov: Slovenské finále ležáků 2022, První Pivní Extraliga</span></p>
<p><span style="color: #808080;">22.06. 2022, 13.00 – Pivovar Černá Hora, L. J. za První pivní extraligu předává cenu za vítězství piva Uherský Brod, Patriot 11 za vítězství v Česko-slovenském Superfinále 2021</span></p>
<p><span style="color: #808080;">16.06. 2022, 18.00 – Studio Triko, rozhovor s Ladislavem Jaklem o svobodě, demokracii a médiích</span></p>
<p><span style="color: #808080;">24.05. 2022, 19.00 – První Pivní Tramway, Praha – Spořilov: 5. základní kolo Český ležák 2022, První Pivní Extraliga</span></p>
<p><span style="color: #808080;">10.05. 2022, 19.00 – První Pivní Tramway, Praha – Spořilov: 4. základní kolo Český ležák 2022, První Pivní Extraliga</span></p>
<p><span style="color: #808080;">24.04. 2022, 12.00 – Kulturní dům, Kladno – L. J. v&nbsp;porotě finále největší soutěže kapel hrajících naživo Skutečná liga</span></p>
<p><span style="color: #808080;">12.04. 2022, 19.00 – První Pivní Tramway, Praha – Spořilov: 3. základní kolo Český ležák 2022, První Pivní Extraliga</span></p>
<p><span style="color: #808080;">09.04. 2022, 10.00 – Zámek Litomyšl: L. J. v porotě soutěže domovarníků Litomyšlský korbel</span></p>
<p><span style="color: #808080;">30.03. 2022, 19.00 – První Pivní Tramway, Praha – Spořilov: 2. základní kolo Český ležák 2022, První Pivní Extraliga</span></p>
<p><span style="color: #808080;">19.03. 2022, 09.00 – Pivovarský dvůr Zvíkov: L. J. v degustační komisi Jarní ceny českých sládků</span></p>
<p><span style="color: #808080;">09.03. 2022, 19.00 – První Pivní Tramway, Praha – Spořilov: 1. základní kolo Český ležák 2022, První Pivní Extraliga</span></p>
<p><span style="color: #808080;">28.02. 2022, 19.30 – klub Vagon, Národní třída, Cimrfest, koncert pro muzikanty, co už nejsou mezi námi (zahrají Folimanka Blues s&nbsp;Láďou Jaklem, Marush s&nbsp;Ondřejem Hejmou, Jolly Joker @ P.B.U. s&nbsp;Petrem Kumandžasem)</span></p>
<p><span style="color: #808080;">19.02. 2022, 14.00 – První Pivní Tramway: degustační soutěž První pivní extraligy o nejlepší sudový ležák z pražských mikropivovarů Král Prahy</span></p>
<p><span style="color: #808080;">14.02. 2022, 16.00 – Novotného lávka: L. J. mezi panelisty semináře D.O.S.T. „Dost bylo Bruselu“</span></p>
<p><span style="color: #808080;">04.01. 2022, 10.30 – Prima CNN: L. J. v živě vysílané debatě s Václavem Cílkem na téma současného psího počasí</span></p>
