{"id":3099,"date":"2012-11-07T13:22:17","date_gmt":"2012-11-07T12:22:17","guid":{"rendered":"http:\/\/www.ladislavjakl.cz\/?page_id=3099"},"modified":"2012-11-07T13:22:41","modified_gmt":"2012-11-07T12:22:41","slug":"archiv-rubriky-co-se-deje-rok-2010","status":"publish","type":"page","link":"https:\/\/www.ladislavjakl.cz\/?page_id=3099","title":{"rendered":"Archiv rubriky &#8222;Co se d\u011bje&#8220; &#8211; rok 2010"},"content":{"rendered":"<p>Archiv rubriky &#8222;Co se d\u011bje&#8220; &#8211; rok 2010<\/p>\n<p><span style=\"color: #888888;\">17.12.10 Na slamn\u00edku, Praha Bubene\u010d, koncert <a href=\"http:\/\/www.folimankablues.cz\/\" target=\"_blank\">Folimanka Blues<\/a><\/span><\/p>\n<p><span style=\"color: #000000;\"> <\/span><span style=\"color: #888888;\">11.12.10 sobota, 16:00, Hard Rock Cafe, Mal\u00e9 n\u00e1m\u011bst\u00ed, Praha &#8211; Star\u00e9 M\u011bsto,  &#8222;Skute\u010dn\u00e1 liga&#8220; &#8211; fin\u00e1le celost\u00e1tn\u00ed sout\u011b\u017ee rockov\u00fdch kapel (L. J. v porot\u011b)<\/span><\/p>\n<p><span style=\"color: #888888;\">10.12.10 p\u00e1tek , 16:00, Divadlo V Ryt\u00ed\u0159sk\u00e9, \u00fa\u010dast L. J. v debat\u011b MF DNES o pra\u017esk\u00e9 radnici s prim\u00e1torem Svobodou.<\/span><\/p>\n<p><span style=\"color: #888888;\">09. 12.10 Od 12.30, Fakulta soci\u00e1ln\u00edch v\u011bd a publicistiky Univerzity Karlovy, p\u0159edn\u00e1\u0161ka L. J. na t\u00e9ma Mediokracie.<\/span><\/p>\n<p><span style=\"color: #888888;\">01.12.10 <a href=\"http:\/\/www.prvnipivnitramway.cz\/\" target=\"_blank\">Prvn\u00ed Pivn\u00ed Tramway<\/a>, <a href=\"http:\/\/www.prvnipivniextraliga.cz\/\" target=\"_blank\">Prvn\u00ed Pivn\u00ed Extraliga<\/a>, fin\u00e1le, \u010cesk\u00fd le\u017e\u00e1k 2010<\/span><\/p>\n<p><span style=\"color: #888888;\">30. 12.10 Vystoupen\u00ed v po\u0159adu Ud\u00e1losti, \u010cesk\u00e1 televize, 22.10 h, \u010cT24.<\/span><\/p>\n<p><span style=\"color: #888888;\">18.11.10 Magister Kelley, Rejskova 3, Praha 2, jubilejn\u00ed tis\u00edc\u00ed \u010dtvrtek<\/span><\/p>\n<p><span style=\"color: #888888;\">09.11.10 <a href=\"http:\/\/www.prvnipivnitramway.cz\/\" target=\"_blank\">Prvn\u00ed Pivn\u00ed Tramway<\/a>, <a href=\"http:\/\/www.prvnipivniextraliga.cz\/\" target=\"_blank\">Prvn\u00ed Pivn\u00ed Extraliga<\/a>, 2. semifin\u00e1le<\/span><\/p>\n<p><span style=\"color: #888888;\">02. 11.10. Vystoupen\u00ed L. J. na konferenci Role ve\u0159ejn\u00e9ho ochr\u00e1nce pr\u00e1v v politick\u00e9m syst\u00e9mu \u010cesk\u00e9 republiky, Konvikt Univerzity Palack\u00e9ho, Olomouc<\/span><\/p>\n<p><span style=\"color: #888888;\">26.10.10 <a href=\"http:\/\/www.prvnipivnitramway.cz\/\" target=\"_blank\">Prvn\u00ed Pivn\u00ed Tramway<\/a>, Prvn\u00ed Pivn\u00ed Extraliga, 1. semifin\u00e1le<\/span><\/p>\n<p><span style=\"color: #000000;\"> <\/span><span style=\"color: #808080;\">20.10.10 Red Rock, Praha Veleslav\u00edn, koncert <a href=\"http:\/\/www.folimankablues.cz\/\" target=\"_blank\">Folimanka Blues<\/a><\/span><\/p>\n<p><span style=\"color: #888888;\">16.10.10 ve 14. hodin, Praha Poho\u0159elec, start 17. ro\u010dn\u00edku <a href=\"http:\/\/www.memorialmatejekudeje.cz\/\" target=\"_blank\">Memori\u00e1lu Mat\u011bje Kud\u011bje<\/a><\/span><\/p>\n<p><span style=\"color: #888888;\">12.10.10 <a href=\"http:\/\/www.prvnipivnitramway.cz\/\" target=\"_blank\">Prvn\u00ed Pivn\u00ed Tramway<\/a>, Prvn\u00ed Pivn\u00ed Extraliga.<\/span><\/p>\n<p><span style=\"color: #888888;\">29.09.10 <a href=\"http:\/\/www.prvnipivnitramway.cz\/\" target=\"_blank\">Prvn\u00ed Pivn\u00ed Tramway<\/a>, <\/span><span style=\"color: #888888;\">Prvn\u00ed Pivn\u00ed Extraliga<\/span><span style=\"color: #888888;\">.<\/span><\/p>\n<p><span style=\"color: #888888;\">24.09.10 Jazz klub Parn\u00edk, Ostrava, koncert <a href=\"http:\/\/www.folimankablues.cz\/\" target=\"_blank\">Folimanka Blues<\/a><\/span><\/p>\n<p><span style=\"color: #808080;\">21.09.10 20:00 klub Golem, Per\u0161t\u00fdn 18, diskusn\u00ed ve\u010der s L.J.<\/span><\/p>\n<p><span style=\"color: #888888;\">20.09.10 otev\u0159en\u00ed v\u00fdstavn\u00edch prostor projektu &#8222;U n\u00e1s je tak\u00e9 hezky!&#8220;, Krava\u0159e v \u010cech\u00e1ch.<\/span><\/p>\n<p><span style=\"color: #888888;\">17.09.10 M\u011bln\u00edk, vinobran\u00ed, koncert <a href=\"http:\/\/www.folimankablues.cz\/\" target=\"_blank\">Folimanka Blues<\/a><\/span><\/p>\n<p><span style=\"color: #888888;\">10.09.10 Cheb, Na \u0161anc\u00edch, koncert <a href=\"http:\/\/www.folimankablues.cz\/\" target=\"_blank\">Folimanka Blues<\/a><\/span><\/p>\n<p><span style=\"color: #888888;\">28.7.10 <a href=\"http:\/\/www.prvnipivnitramway.cz\/\" target=\"_blank\">Prvn\u00ed Pivn\u00ed Tramway<\/a>, <\/span><span style=\"color: #888888;\">Prvn\u00ed Pivn\u00ed Extraliga<\/span><span style=\"color: #888888;\">.<\/span><\/p>\n<p><span style=\"color: #888888;\">21.7.10 <a href=\"http:\/\/www.prvnipivnitramway.cz\/\" target=\"_blank\">Prvn\u00ed Pivn\u00ed Tramway<\/a>, <\/span><span style=\"color: #888888;\">Prvn\u00ed Pivn\u00ed Extraliga<\/span><span style=\"color: #888888;\">.<\/span><\/p>\n<p><span style=\"color: #888888;\">10.07.10 Szklarska Por\u0119ba, Polsko, koncert <a href=\"http:\/\/www.folimankablues.cz\/\" target=\"_blank\">Folimanka Blues<\/a><\/span><\/p>\n<p><span style=\"color: #888888;\">25.06.10 Plze\u0148 Bo\u017ekov, koncert <a href=\"http:\/\/www.folimankablues.cz\/\" target=\"_blank\">Folimanka Blues<\/a><\/span><\/p>\n<p><span style=\"color: #888888;\">05.06.10 L\u00e1zn\u011b Libverda, koncert <a href=\"http:\/\/www.folimankablues.cz\/\" target=\"_blank\">Folimanka Blues<\/a><\/span><\/p>\n<p><span style=\"color: #888888;\">03.06.10 U vyst\u0159elen\u00fdho voka, Praha &#8211; \u017di\u017ekov, koncert <a href=\"http:\/\/www.folimankablues.cz\/\" target=\"_blank\">Folimanka Blues<\/a><\/span><\/p>\n<p><span style=\"color: #888888;\">02.06.10 17:50TV Prima L.J. hostem v po\u0159adu Interview<\/span><\/p>\n<p><span style=\"color: #888888;\">01.06.0 od 17:33 hod L.J. hostem po\u0159adu 20 minut Radio\u017eurn\u00e1lu, <a href=\"http:\/\/www.rozhlas.cz\/radiozurnal\/porady\/_porad\/3169\" target=\"_blank\">\u010cesk\u00fd rozhlas 1<\/a><\/span><\/p>\n<p><span style=\"color: #888888;\">16. 05.10 13.35 Ladislav Jakl hostem po\u0159adu OVM na \u010cT24.<\/span><\/p>\n<p><span style=\"color: #888888;\">12.05.10 19:15 Prvn\u00ed Pivn\u00ed Tramway, Prvn\u00ed pivn\u00ed extraliga. Sout\u011b\u017e o nejlep\u0161\u00ed \u010desk\u00e9 pivo.<\/span><\/p>\n<p><span style=\"color: #888888;\">7.5.10 od 17.33 hod L.J. hostem po\u0159adu 20 minut Radio\u017eurn\u00e1lu, <a href=\"http:\/\/www.rozhlas.cz\/radiozurnal\/porady\/_porad\/3169\" target=\"_blank\">\u010cesk\u00fd rozhlas 1<\/a><\/span><\/p>\n<p><span style=\"color: #888888;\">29.04.10 od 12.00 on-line rozhovor Ladislava Jakla na <a href=\"http:\/\/www.novinky.cz\/\" target=\"_blank\">www.novinky.cz<\/a>.<\/span><\/p>\n<p><span style=\"color: #888888;\">30.04.10 Highway 61, \u010cesk\u00e9 Bud\u011bjovice, koncert  <a href=\"http:\/\/www.folimankablues.cz\/\" target=\"_blank\">Folimanka Blues<\/a>.<\/span><\/p>\n<p><span style=\"color: #888888;\">17.04.10 od 20:00 <a href=\"http:\/\/www.modravopice.eu\/\" target=\"_blank\">Modr\u00e1 Vopice <\/a>koncert <a href=\"http:\/\/www.folimankablues.cz\/\" target=\"_blank\">Folimanka Blues<\/a>.<\/span><\/p>\n<p><span style=\"color: #888888;\">06.04.10 20:05 hostem v po\u0159adu <em>Hyde Park<\/em> \u010cesk\u00e1 televize.<\/span><\/p>\n<p><span style=\"color: #888888;\">28.02.10 od 19.30 Cimrfest 2010, Vagon, N\u00e1rodn\u00ed 25, Praha.<\/span><\/p>\nngg_shortcode_0_placeholder\n<p><span style=\"color: #888888;\">19.02.10 St\u0159elnice &#8211; Kotelna, Vrchlab\u00ed, koncert<\/span> <span style=\"color: #888888;\"><a href=\"http:\/\/www.folimankablues.cz\/\" target=\"_blank\">Folimanka Blues<\/a><span style=\"color: #000000;\">.<\/span><\/span><\/p>\n<p><span style=\"color: #888888;\">10.02.10 Kav\u00e1rna Spir\u00e1la, Litom\u011b\u0159ice koncert <a href=\"http:\/\/www.folimankablues.cz\/\" target=\"_blank\">Folimanka Blues<\/a>.<\/span><\/p>\n<p><span style=\"color: #888888;\">15.01.10 Highway61, \u010cesk\u00e9 Bud\u011bjovice, koncert <a href=\"http:\/\/www.folimankablues.cz\" target=\"_blank\">Folimanka Blues<\/a>. Zru\u0161eno, n\u00e1hradn\u00ed term\u00edn bude ozn\u00e1men.<\/span><\/p>\n<p><strong><strong><strong> <\/strong><\/strong><\/strong><\/p>\n","protected":false},"excerpt":{"rendered":"<p>Archiv rubriky &#8222;Co se d\u011bje&#8220; &#8211; rok 2010 17.12.10 Na slamn\u00edku, Praha Bubene\u010d, koncert Folimanka Blues 11.12.10 sobota, 16:00, Hard Rock Cafe, Mal\u00e9 n\u00e1m\u011bst\u00ed, Praha &#8211; Star\u00e9 M\u011bsto, &#8222;Skute\u010dn\u00e1 liga&#8220; &#8211; fin\u00e1le celost\u00e1tn\u00ed sout\u011b\u017ee rockov\u00fdch kapel (L. J. v porot\u011b) 10.12.10 p\u00e1tek , 16:00, Divadlo V Ryt\u00ed\u0159sk\u00e9, \u00fa\u010dast L. J. v debat\u011b MF DNES o [&hellip;]<\/p>\n","protected":false},"author":1,"featured_media":0,"parent":0,"menu_order":0,"comment_status":"open","ping_status":"open","template":"","meta":{"ngg_post_thumbnail":0,"footnotes":""},"class_list":["post-3099","page","type-page","status-publish","hentry"],"_links":{"self":[{"href":"https:\/\/www.ladislavjakl.cz\/index.php?rest_route=\/wp\/v2\/pages\/3099","targetHints":{"allow":["GET"]}}],"collection":[{"href":"https:\/\/www.ladislavjakl.cz\/index.php?rest_route=\/wp\/v2\/pages"}],"about":[{"href":"https:\/\/www.ladislavjakl.cz\/index.php?rest_route=\/wp\/v2\/types\/page"}],"author":[{"embeddable":true,"href":"https:\/\/www.ladislavjakl.cz\/index.php?rest_route=\/wp\/v2\/users\/1"}],"replies":[{"embeddable":true,"href":"https:\/\/www.ladislavjakl.cz\/index.php?rest_route=%2Fwp%2Fv2%2Fcomments&post=3099"}],"version-history":[{"count":3,"href":"https:\/\/www.ladislavjakl.cz\/index.php?rest_route=\/wp\/v2\/pages\/3099\/revisions"}],"predecessor-version":[{"id":3102,"href":"https:\/\/www.ladislavjakl.cz\/index.php?rest_route=\/wp\/v2\/pages\/3099\/revisions\/3102"}],"wp:attachment":[{"href":"https:\/\/www.ladislavjakl.cz\/index.php?rest_route=%2Fwp%2Fv2%2Fmedia&parent=3099"}],"curies":[{"name":"wp","href":"https:\/\/api.w.org\/{rel}","templated":true}]}}

Archiv rubriky &#8222;Co se děje&#8220; &#8211; rok 2010

<p>Archiv rubriky &#8222;Co se děje&#8220; &#8211; rok 2010</p>
<p><span style="color: #888888;">17.12.10 Na slamníku, Praha Bubeneč, koncert <a href="http://www.folimankablues.cz/" target="_blank">Folimanka Blues</a></span></p>
<p><span style="color: #000000;"> </span><span style="color: #888888;">11.12.10 sobota, 16:00, Hard Rock Cafe, Malé náměstí, Praha &#8211; Staré Město,  &#8222;Skutečná liga&#8220; &#8211; finále celostátní soutěže rockových kapel (L. J. v porotě)</span></p>
<p><span style="color: #888888;">10.12.10 pátek , 16:00, Divadlo V Rytířské, účast L. J. v debatě MF DNES o pražské radnici s primátorem Svobodou.</span></p>
<p><span style="color: #888888;">09. 12.10 Od 12.30, Fakulta sociálních věd a publicistiky Univerzity Karlovy, přednáška L. J. na téma Mediokracie.</span></p>
<p><span style="color: #888888;">01.12.10 <a href="http://www.prvnipivnitramway.cz/" target="_blank">První Pivní Tramway</a>, <a href="http://www.prvnipivniextraliga.cz/" target="_blank">První Pivní Extraliga</a>, finále, Český ležák 2010</span></p>
<p><span style="color: #888888;">30. 12.10 Vystoupení v pořadu Události, Česká televize, 22.10 h, ČT24.</span></p>
<p><span style="color: #888888;">18.11.10 Magister Kelley, Rejskova 3, Praha 2, jubilejní tisící čtvrtek</span></p>
<p><span style="color: #888888;">09.11.10 <a href="http://www.prvnipivnitramway.cz/" target="_blank">První Pivní Tramway</a>, <a href="http://www.prvnipivniextraliga.cz/" target="_blank">První Pivní Extraliga</a>, 2. semifinále</span></p>
<p><span style="color: #888888;">02. 11.10. Vystoupení L. J. na konferenci Role veřejného ochránce práv v politickém systému České republiky, Konvikt Univerzity Palackého, Olomouc</span></p>
<p><span style="color: #888888;">26.10.10 <a href="http://www.prvnipivnitramway.cz/" target="_blank">První Pivní Tramway</a>, První Pivní Extraliga, 1. semifinále</span></p>
<p><span style="color: #000000;"> </span><span style="color: #808080;">20.10.10 Red Rock, Praha Veleslavín, koncert <a href="http://www.folimankablues.cz/" target="_blank">Folimanka Blues</a></span></p>
<p><span style="color: #888888;">16.10.10 ve 14. hodin, Praha Pohořelec, start 17. ročníku <a href="http://www.memorialmatejekudeje.cz/" target="_blank">Memoriálu Matěje Kuděje</a></span></p>
<p><span style="color: #888888;">12.10.10 <a href="http://www.prvnipivnitramway.cz/" target="_blank">První Pivní Tramway</a>, První Pivní Extraliga.</span></p>
<p><span style="color: #888888;">29.09.10 <a href="http://www.prvnipivnitramway.cz/" target="_blank">První Pivní Tramway</a>, </span><span style="color: #888888;">První Pivní Extraliga</span><span style="color: #888888;">.</span></p>
<p><span style="color: #888888;">24.09.10 Jazz klub Parník, Ostrava, koncert <a href="http://www.folimankablues.cz/" target="_blank">Folimanka Blues</a></span></p>
<p><span style="color: #808080;">21.09.10 20:00 klub Golem, Perštýn 18, diskusní večer s L.J.</span></p>
<p><span style="color: #888888;">20.09.10 otevření výstavních prostor projektu &#8222;U nás je také hezky!&#8220;, Kravaře v Čechách.</span></p>
<p><span style="color: #888888;">17.09.10 Mělník, vinobraní, koncert <a href="http://www.folimankablues.cz/" target="_blank">Folimanka Blues</a></span></p>
<p><span style="color: #888888;">10.09.10 Cheb, Na šancích, koncert <a href="http://www.folimankablues.cz/" target="_blank">Folimanka Blues</a></span></p>
<p><span style="color: #888888;">28.7.10 <a href="http://www.prvnipivnitramway.cz/" target="_blank">První Pivní Tramway</a>, </span><span style="color: #888888;">První Pivní Extraliga</span><span style="color: #888888;">.</span></p>
<p><span style="color: #888888;">21.7.10 <a href="http://www.prvnipivnitramway.cz/" target="_blank">První Pivní Tramway</a>, </span><span style="color: #888888;">První Pivní Extraliga</span><span style="color: #888888;">.</span></p>
<p><span style="color: #888888;">10.07.10 Szklarska Poręba, Polsko, koncert <a href="http://www.folimankablues.cz/" target="_blank">Folimanka Blues</a></span></p>
<p><span style="color: #888888;">25.06.10 Plzeň Božkov, koncert <a href="http://www.folimankablues.cz/" target="_blank">Folimanka Blues</a></span></p>
<p><span style="color: #888888;">05.06.10 Lázně Libverda, koncert <a href="http://www.folimankablues.cz/" target="_blank">Folimanka Blues</a></span></p>
<p><span style="color: #888888;">03.06.10 U vystřelenýho voka, Praha &#8211; Žižkov, koncert <a href="http://www.folimankablues.cz/" target="_blank">Folimanka Blues</a></span></p>
<p><span style="color: #888888;">02.06.10 17:50TV Prima L.J. hostem v pořadu Interview</span></p>
<p><span style="color: #888888;">01.06.0 od 17:33 hod L.J. hostem pořadu 20 minut Radiožurnálu, <a href="http://www.rozhlas.cz/radiozurnal/porady/_porad/3169" target="_blank">Český rozhlas 1</a></span></p>
<p><span style="color: #888888;">16. 05.10 13.35 Ladislav Jakl hostem pořadu OVM na ČT24.</span></p>
<p><span style="color: #888888;">12.05.10 19:15 První Pivní Tramway, První pivní extraliga. Soutěž o nejlepší české pivo.</span></p>
<p><span style="color: #888888;">7.5.10 od 17.33 hod L.J. hostem pořadu 20 minut Radiožurnálu, <a href="http://www.rozhlas.cz/radiozurnal/porady/_porad/3169" target="_blank">Český rozhlas 1</a></span></p>
<p><span style="color: #888888;">29.04.10 od 12.00 on-line rozhovor Ladislava Jakla na <a href="http://www.novinky.cz/" target="_blank">www.novinky.cz</a>.</span></p>
<p><span style="color: #888888;">30.04.10 Highway 61, České Budějovice, koncert  <a href="http://www.folimankablues.cz/" target="_blank">Folimanka Blues</a>.</span></p>
<p><span style="color: #888888;">17.04.10 od 20:00 <a href="http://www.modravopice.eu/" target="_blank">Modrá Vopice </a>koncert <a href="http://www.folimankablues.cz/" target="_blank">Folimanka Blues</a>.</span></p>
<p><span style="color: #888888;">06.04.10 20:05 hostem v pořadu <em>Hyde Park</em> Česká televize.</span></p>
<p><span style="color: #888888;">28.02.10 od 19.30 Cimrfest 2010, Vagon, Národní 25, Praha.</span></p>
ngg_shortcode_0_placeholder
<p><span style="color: #888888;">19.02.10 Střelnice &#8211; Kotelna, Vrchlabí, koncert</span> <span style="color: #888888;"><a href="http://www.folimankablues.cz/" target="_blank">Folimanka Blues</a><span style="color: #000000;">.</span></span></p>
<p><span style="color: #888888;">10.02.10 Kavárna Spirála, Litoměřice koncert <a href="http://www.folimankablues.cz/" target="_blank">Folimanka Blues</a>.</span></p>
<p><span style="color: #888888;">15.01.10 Highway61, České Budějovice, koncert <a href="http://www.folimankablues.cz" target="_blank">Folimanka Blues</a>. Zrušeno, náhradní termín bude oznámen.</span></p>
<p><strong><strong><strong> </strong></strong></strong></p>

<p>Archiv rubriky &#8222;Co se děje&#8220; &#8211; rok 2010 17.12.10 Na slamníku, Praha Bubeneč, koncert Folimanka Blues 11.12.10 sobota, 16:00, Hard Rock Cafe, Malé náměstí, Praha &#8211; Staré Město, &#8222;Skutečná liga&#8220; &#8211; finále celostátní soutěže rockových kapel (L. J. v porotě) 10.12.10 pátek , 16:00, Divadlo V Rytířské, účast L. J. v debatě MF DNES o [&hellip;]</p>
