{"id":4577,"date":"2014-02-05T14:35:48","date_gmt":"2014-02-05T13:35:48","guid":{"rendered":"http:\/\/www.ladislavjakl.cz\/?page_id=4577"},"modified":"2014-02-05T14:36:51","modified_gmt":"2014-02-05T13:36:51","slug":"archiv-rubriky-%e2%80%9eco-se-deje%e2%80%9c-%e2%80%93-rok-2012","status":"publish","type":"page","link":"https:\/\/www.ladislavjakl.cz\/?page_id=4577","title":{"rendered":"Archiv rubriky \u201eCo se d\u011bje\u201c \u2013 rok 2012"},"content":{"rendered":"<p><span style=\"color: #888888;\">14.12.12. 20:00 Na Slamn\u00edku, Praha &#8211; Bubene\u010d, koncert skupiny <\/span><a href=\"http:\/\/www.folimankablues.cz\/\" target=\"_blank\">Folimanka Blues<\/a><span style=\"color: #888888;\">.<\/span><\/p>\n<p><span style=\"color: #888888;\"> <\/span><\/p>\n<p><span style=\"color: #888888;\">13.12.12. 12:30 Fakulta soci\u00e1ln\u00edch v\u011bd Univerzity Karlovy: beseda L. J. se studenty.<\/span><\/p>\n<p><span style=\"color: #888888;\"> <\/span><\/p>\n<p><span style=\"color: #888888;\">13.12.12. 10:30 Nov\u00e1 ob\u0159adn\u00ed s\u00ed\u0148 na Ol\u0161anech: posledn\u00ed rozlou\u010den\u00ed s Honzou Chalupsk\u00fdm.<\/span><\/p>\n<p><span style=\"color: #888888;\"> <\/span><\/p>\n<p><span style=\"color: #888888;\">12.12.12. 19:00 televize P\u011btka: L. J. hostem po\u0159adu Volejte k v\u011bci.<\/span><\/p>\n<p><span style=\"color: #888888;\">10.12.12. 14:00 \u00da\u0159ad vl\u00e1dy \u010cR, Vladislavova ul: \u00fa\u010dast L. J. na sch\u016fzi Poradn\u00edho sboru mp\u0159. vl\u00e1dy Karol\u00edny Peake.<\/span><\/p>\n<p><span style=\"color: #888888;\">04.12.12. 17:30 Starom\u011bstsk\u00e9 n\u00e1m\u011bst\u00ed, Praha: L. J. k\u0159t\u00ed ohn\u011bm \u010ceskou knihu rekord\u016f.<\/span><\/p>\n<p><span style=\"color: #888888;\"> <\/span><\/p>\n<p><span style=\"color: #888888;\">01.12.12. 16:00 <a href=\"http:\/\/www.hardrock.com\/locations\/cafes3\/cafe.aspx?LocationID=492&amp;MIBEnumID=3\" target=\"_blank\">Hard Rock Cafe Praha<\/a>: L. J. v porot\u011b mezin\u00e1rodn\u00ed sout\u011b\u017ee rockov\u00fdch kapel <a href=\"http:\/\/www.skutecnaliga.cz\/\" target=\"_blank\">Skute\u010dn\u00e1 liga<\/a>.<\/span><\/p>\n<p><span style=\"color: #888888;\"> <\/span><\/p>\n<p><span style=\"color: #888888;\">23.11.12. 20:00 Motor\u00e1j Praha &#8211; Vyso\u010dany, koncert skupiny <a href=\"http:\/\/www.folimankablues.cz\/\" target=\"_blank\">Folimanka Blues<\/a>.<\/span><\/p>\n<p><span style=\"color: #888888;\"> <\/span><\/p>\n<p><span style=\"color: #888888;\">14.11.12. 18:00 beseda L. J. v \u00dastavu pr\u00e1va <a href=\"http:\/\/www.ustavprava.cz\" target=\"_blank\">www.ustavprava.cz<\/a>.<\/span><\/p>\n<p><span style=\"color: #888888;\"> <\/span><\/p>\n<p><span style=\"color: #888888;\"><span style=\"font-size: 10pt;\"> <\/span>07.11.12. 19:00 <a href=\"http:\/\/www.prvnipivnitramway.cz\/\" target=\"_blank\">Prvn\u00ed Pivn\u00ed Tramway<\/a>, <a href=\"http:\/\/www.prvnipivniextraliga.cz\/\" target=\"_blank\">Prvn\u00ed Pivn\u00ed Extraliga<\/a>, fin\u00e1le 3. ro\u010dn\u00edku ofici\u00e1ln\u00ed degustace \u010desk\u00fdch le\u017e\u00e1k\u016f.<\/span><\/p>\n<p><span style=\"color: #888888;\">02.11.12 18:30 L. J. v po\u0159adu Pressklub na Frekvenci 1.<\/span><\/p>\n<p><span style=\"color: #888888;\">02.11.12. 20:00 Jazz-Rock Cafe, Cheb, koncert skupiny <a href=\"http:\/\/www.folimankablues.cz\/\" target=\"_blank\">Folimanka Blues<\/a>.<\/span><\/p>\n<p><span style=\"color: #888888;\">01.11.12 11:11 hotel a pivovar Koliba, Litom\u011b\u0159ice: L. J. na slavnostn\u00edm p\u0159ed\u00e1v\u00e1n\u00ed v\u00fdro\u010dn\u00edch cen Sdru\u017een\u00ed p\u0159\u00e1tel piva.<\/span><\/p>\n<p><span style=\"color: #888888;\">29.10.12. 12:30 Vysok\u00e1 \u0161kola mezin\u00e1rodn\u00edch a ve\u0159ejn\u00fdch vztah\u016f, U Santo\u0161ky 17, Praha 5, hlavn\u00ed aula: beseda Ladislava Jakla se studenty politologie.<br \/>\n<\/span><\/p>\n<p><span style=\"color: #888888;\">24.10.12. 18:00 Restaurant V r\u00e1ji, Han\u00e1ck\u00e9ho pluku 10, Olomouc: Beseda Ladislava Jakla s p\u0159\u00edznivci strany Svobodn\u00fdch.<\/span><\/p>\n<p><span style=\"color: #888888;\">22.10.12. 19:00 Ladislav Jakl hostem po\u0159adu Volejte prezidentovi v televizi P\u011btka. Dotazy lze pod\u00e1vat telefonicky v pr\u016fb\u011bhu po\u0159adu na 220802000, p\u0159es skype: volejteprezidentovi a na fcb profilu televize, formou SMS a e-mailem i kdykoli p\u0159edem na 725802000 a <a href=\"mailto:volejteprezidentovi@petka.cz\">volejteprezidentovi@petka.cz<\/a>.<\/span><\/p>\n<p><span style=\"color: #888888;\">20.10.12. 14:00 Poho\u0159elec, Praha, start 19. ro\u010dn\u00edku <a href=\"http:\/\/www.memorialmatejekudeje.cz\/\" target=\"_blank\">Memori\u00e1lu Mat\u011bje Kud\u011bje<\/a>.<\/span><\/p>\n<p><span style=\"color: #888888;\">19.10.12. 18:00 restaurace Sedm\u00fd nebe Mor\u00e1vka, Bezru\u010dova 4, Plze\u0148: beseda Ladislava Jakla s p\u0159\u00e1teli a p\u0159\u00edznivci Svobodn\u00fdch.<\/span><\/p>\n<p><span style=\"color: #888888;\">18.10.12. 18:00 \u010cSVTS, Novotn\u00e9ho l\u00e1vka: Ladislav Jakl \u00fa\u010dastn\u00edkem Prezidentsk\u00fdch hovor\u016f, diskuse, po\u0159\u00e1dan\u00e9 <a href=\"http:\/\/www.akce-dost.cz\/20121002.htm\" target=\"_blank\">Akc\u00ed D.O.S.T.<\/a><\/span><\/p>\n<p><span style=\"color: #888888;\">15.10.12. 15:30 Ladislav Jakl hostem stanice Radio \u010cesko<\/span><\/p>\n<p><span style=\"color: #888888;\">11.10.12. 16:30  <a href=\"http:\/\/www.prvnipivnitramway.cz\/\" target=\"_blank\">Prvn\u00ed Pivn\u00ed Tramway<\/a>, Na Chodovci 2, Praha &#8211; Spo\u0159ilov: slavnostn\u00ed nar\u00e1\u017een\u00ed volebn\u00edho piva Jakl na Hrad<\/span><\/p>\n<p><a href=\"https:\/\/www.ladislavjakl.cz\/wp-content\/uploads\/2009\/12\/beerlabel_jakl_na_hrad_lahev.png\"><span style=\"color: #888888;\"><img loading=\"lazy\" decoding=\"async\" class=\"size-thumbnail wp-image-2821 alignleft\" title=\"Lahev s etiketou piva Jakl na Hrad | Milan Kabrna\" src=\"https:\/\/www.ladislavjakl.cz\/wp-content\/uploads\/2009\/12\/beerlabel_jakl_na_hrad_lahev-150x150.png\" alt=\"beerlabel_jakl_na_hrad_lahev\" width=\"150\" height=\"150\" \/><\/span><\/a><\/p>\n<p><span style=\"color: #888888;\">10.10.12. 20:00 Modr\u00e9 dve\u0159e, Kostelec nad \u010cern\u00fdmi Lesy, koncert skupiny <a href=\"http:\/\/www.folimankablues.cz\/\" target=\"_blank\">Folimanka Blues<\/a><\/span><\/p>\n<p><span style=\"color: #888888;\"> 08.10.12. 17:00 restaurace Venus Vita, Proke\u0161ovo n\u00e1m. 8, Ostrava: diskusn\u00ed ve\u010der s Ladislavem Jaklem, po\u0159\u00e1dan\u00fd sdru\u017een\u00edm MONOS<\/span><\/p>\n<p><span style=\"color: #888888;\"><span style=\"color: #888888;\"><a href=\"https:\/\/www.ladislavjakl.cz\/wp-content\/uploads\/2009\/12\/L_Jakl_v_ostrave.jpg\"><img loading=\"lazy\" decoding=\"async\" class=\"size-thumbnail wp-image-2771 alignleft\" title=\"Ladislav Jakl v Ostrav\u011b\" src=\"https:\/\/www.ladislavjakl.cz\/wp-content\/uploads\/2009\/12\/L_Jakl_v_ostrave-150x150.jpg\" alt=\"Ladislav Jakl v Ostrav\u011b\" width=\"150\" height=\"150\" \/><\/a><br \/>\n<\/span><\/span><\/p>\n<p><span style=\"color: #888888;\">03.10.12. 18:00 Um\u011bleckopr\u016fmyslov\u00e9 muzeum, Husova 14, Brno: setk\u00e1n\u00ed Ladislava Jakla s p\u0159\u00edznivci Svobodn\u00fdch<\/span><\/p>\n<p><span style=\"color: #888888;\">26.09. 12. 17:00 Ladislav Jakl hostem v \u017eiv\u00e9m vys\u00edl\u00e1n\u00ed radia S\u00e1zava<\/span><\/p>\n<p><span style=\"color: #888888;\">26.09.12. 18:30 Futurama Caffe, Sokolovsk\u00e1 136 c, Praha 8: debata Ladislava Jakla se \u010dleny klubu Young MBSA<\/span><\/p>\n<p><a href=\"https:\/\/www.ladislavjakl.cz\/wp-content\/uploads\/2009\/12\/mbsa.png\"><span style=\"color: #888888;\"><img loading=\"lazy\" decoding=\"async\" class=\"size-thumbnail wp-image-2699 alignleft\" title=\"Pozv\u00e1nka\" src=\"https:\/\/www.ladislavjakl.cz\/wp-content\/uploads\/2009\/12\/mbsa-150x150.png\" alt=\"mbsa\" width=\"150\" height=\"150\" \/><\/span><\/a><\/p>\n<p><span style=\"color: #888888;\">23.09.12. 15:00 Autoklub \u010cR, Opletalova 29, Praha 1: \u00fa\u010dast Ladislava Jakla na tiskov\u00e9 konferenci Strany svobodn\u00fdch ob\u010dan\u016f<\/span><\/p>\n<p><span style=\"color: #888888;\">21.09.12. 20:00 Garage, \u00dast\u00ed nad Labem, koncert skupiny <a href=\"http:\/\/www.folimankablues.cz\/\" target=\"_blank\">Folimanka Blues<\/a><\/span><\/p>\n<p><span style=\"color: #888888;\">19.09.12. 20:00 <a href=\"http:\/\/modravopice.eu\/\" target=\"_blank\">Modr\u00e1 Vopice<\/a>, Praha, koncert skupiny <a href=\"http:\/\/www.folimankablues.cz\/\" target=\"_blank\">Folimanka Blues<\/a><\/span><\/p>\n<p><span style=\"color: #888888;\">12.09.12. 18:00 hotel Salva Guarda, M\u00edrov\u00e9 n\u00e1m., Litom\u011b\u0159ice: beseda Ladislava Jakla s p\u0159\u00edznivci strany Svobodn\u00fdch<br \/>\n<\/span><\/p>\n<p><span style=\"color: #888888;\">29.08.12. 19:00 <a href=\"http:\/\/www.prvnipivnitramway.cz\/\" target=\"_blank\">Prvn\u00ed Pivn\u00ed Tramway<\/a>, <a href=\"http:\/\/www.prvnipivniextraliga.cz\/\" target=\"_blank\">Prvn\u00ed Pivn\u00ed Extraliga<\/a>, 2 semifin\u00e1lov\u00e9 kolo 3. ro\u010dn\u00edku ofici\u00e1ln\u00ed degustace \u010desk\u00fdch le\u017e\u00e1k\u016f.<\/span><\/p>\n<p><span style=\"color: #888888;\">19.08.12. 13.00 Cheb, 14:00 Sokolov, 15:00 Karlovy Vary: Ladislav Jakl podporuje kandid\u00e1ty Svobodn\u00fdch do krajsk\u00fdch a sen\u00e1tn\u00edch voleb v Karlovarsk\u00e9m kraji<\/span><\/p>\n<p><span style=\"color: #888888;\"> <\/span><\/p>\n<p><span style=\"color: #888888;\">15.08.12. 19:00 <a href=\"http:\/\/www.prvnipivnitramway.cz\/\" target=\"_blank\">Prvn\u00ed Pivn\u00ed Tramway<\/a>, <a href=\"http:\/\/www.prvnipivniextraliga.cz\/\" target=\"_blank\">Prvn\u00ed Pivn\u00ed Extraliga<\/a>, 1 semifin\u00e1lov\u00e9 kolo 3. ro\u010dn\u00edku ofici\u00e1ln\u00ed degustace \u010desk\u00fdch le\u017e\u00e1k\u016f.<\/span><\/p>\n<p><span style=\"color: #888888;\">04.08.12. 20:00 Stodola, L\u00e1zn\u011b Libverda, koncert skupiny <a href=\"http:\/\/www.folimankablues.cz\/\" target=\"_blank\">Folimanka Blues<\/a><\/span><\/p>\n<p><span style=\"color: #888888;\">16.07.12. 19:30 L. J. hostem po\u0159adu Hovory o politice na stanici \u010cRo 6<\/span><\/p>\n<p><span style=\"color: #888888;\">27.06.12. 10:00 \u00dajezd, Praha 1, L. J. \u00fa\u010dastn\u00edkem pietn\u00edho aktu Uct\u011bn\u00ed pam\u00e1tky ob\u011bt\u00ed komunismu <\/span><\/p>\n<p><span style=\"color: #888888;\">22.06.12. 18:30 L. J. hostem po\u0159adu Pressklub Frekvence 1<\/span><\/p>\n<p><span style=\"color: #888888;\">20.06.12. 18:00 Slovansk\u00fd d\u016fm, Kaplice: L. J. \u00fa\u010dastn\u00edkem besedy K &#8211; klubu, ob\u010dansk\u00e9ho sdru\u017een\u00ed pro konzervativn\u00ed hodnoty<\/span><\/p>\n<p><span style=\"color: #888888;\">19.06.12. 18:00 <a href=\"http:\/\/www.prvnipivnitramway.cz\/\" target=\"_blank\">Prvn\u00ed Pivn\u00ed Tramway<\/a>, <a href=\"http:\/\/www.prvnipivniextraliga.cz\/\" target=\"_blank\">Prvn\u00ed Pivn\u00ed Extraliga<\/a>, degustace lehk\u00fdch ochucen\u00fdch piv<\/span><\/p>\n<p><span style=\"color: #888888;\">18.06.12. 16:30 Novotn\u00e9ho l\u00e1vka: \u00fa\u010dast L. J. na setk\u00e1n\u00ed u \u010d\u00ed\u0161e v\u00edna s poslancem Evropsk\u00e9ho parlamentu a p\u0159edsedou britsk\u00e9 UKIP Nigelem Faragem<br \/>\n<\/span><\/p>\n<p><span style=\"color: #888888;\">15. a 16.06.12, prostranstv\u00ed mezi F\u00edkovnou a Letohr\u00e1dkem Kr\u00e1lovsk\u00e9 zahrady: festival mikropivovar\u016f Pivo na Hrad! <a href=\"http:\/\/www.pivonahrad.cz\" target=\"_blank\">www.pivonahrad.cz<\/a><\/span><\/p>\n<p><span style=\"color: #888888;\"><a> <\/a>13.06.12. 18:00, Kulturn\u00ed d\u016fm Vesel\u00ed nad Lu\u017enic\u00ed: L. J. hostem besedy K Klubu na t\u00e9ma Na\u0161e hospod\u00e1\u0159sk\u00e9 z\u00e1jmy a EU<\/span><\/p>\n<p><span style=\"color: #888888;\">11.06.12. 10:00, \u00da\u0159ad vl\u00e1dy, Vladislavova ul.: \u00fa\u010dast L. J. na jedn\u00e1n\u00ed poradn\u00edho sboru p\u0159edsedkyn\u011b Vl\u00e1dn\u00edho v\u00fdboru pro koordinaci boje s korupc\u00ed<br \/>\n<\/span><\/p>\n<p><span style=\"color: #888888;\">11.06.12. 19:00, restaurace Vysm\u00e1t\u00fd zaj\u00edc, Michalsk\u00e1 ul, Praha 1: Beseda L. J. se \u010dleny a p\u0159\u00edznivci strany Svobodn\u00ed<br \/>\n<\/span><\/p>\n<p><span style=\"color: #888888;\">09.06.12. 20:00 Pelh\u0159imov, Masarykovo n\u00e1m.: L. J. \u00fa\u010dastn\u00edkem Galave\u010dera Rekordmana roku<\/span><\/p>\n<p><span style=\"color: #888888;\">06.06.12. 20:00 klub Kain, \u017di\u017ekov: koncert skupiny <a href=\"http:\/\/www.folimankablues.cz\/\" target=\"_blank\">Folimanka Blues<\/a><\/span><\/p>\n<p><span style=\"color: #888888;\">05.06.12. 19:00 <a href=\"http:\/\/www.prvnipivnitramway.cz\/\" target=\"_blank\">Prvn\u00ed Pivn\u00ed Tramway<\/a>, <a href=\"http:\/\/www.prvnipivniextraliga.cz\/\" target=\"_blank\">Prvn\u00ed Pivn\u00ed Extraliga<\/a>, p\u00e1t\u00e9 z\u00e1kladn\u00ed kolo 3. ro\u010dn\u00edku ofici\u00e1ln\u00ed degustace \u010desk\u00fdch le\u017e\u00e1k\u016f.<\/span><\/p>\n<p><span style=\"color: #888888;\">31.05.12. 09:00 Pivovarsk\u00e1 zahrada na V\u00fdstavi\u0161ti, \u010cesk\u00e9 Bud\u011bjovice, L. J. v porot\u011b ofici\u00e1ln\u00ed degustace Pivo \u010cesk\u00e9 republiky<br \/>\n<\/span><\/p>\n<p><span style=\"color: #888888;\">30.05.12. 19:00 <a href=\"http:\/\/www.prvnipivnitramway.cz\/\" target=\"_blank\">Prvn\u00ed Pivn\u00ed Tramway<\/a>, <a href=\"http:\/\/www.prvnipivniextraliga.cz\/\" target=\"_blank\">Prvn\u00ed Pivn\u00ed Extraliga<\/a>, degustace piv podle skupiny fotbalov\u00e9ho EURA<\/span><\/p>\n<p><span style=\"color: #888888;\">26.05.12. 15:00 Ro\u017e\u0148ava, Slovensko: pivn\u00ed degustace &#8222;\u010cesko &#8211; slovensk\u00e9 fin\u00e1le&#8220; <a href=\"http:\/\/www.prvnipivniextraliga.cz\/\" target=\"_blank\">Prvn\u00ed Pivn\u00ed Extraliga<\/a><\/span><\/p>\n<p><span style=\"color: #888888;\">26.05.12. pivovar Kaltenecker Ro\u017e\u0148ava &#8211; Slovensko, koncert <a href=\"http:\/\/www.folimankablues.cz\/\" target=\"_blank\">Folimanka Blues<\/a><\/span><\/p>\n<p><span style=\"color: #888888;\">23.05.12. 19:00 <a href=\"http:\/\/www.prvnipivnitramway.cz\/\" target=\"_blank\">Prvn\u00ed Pivn\u00ed Tramway<\/a>, <a href=\"http:\/\/www.prvnipivniextraliga.cz\/\" target=\"_blank\">Prvn\u00ed Pivn\u00ed Extraliga<\/a>, \u010dtvrt\u00e9 z\u00e1kladn\u00ed kolo t\u0159et\u00edho ro\u010dn\u00edku ofici\u00e1ln\u00ed degustace \u010desk\u00fdch le\u017e\u00e1k\u016f.<\/span><\/p>\n<p><span style=\"color: #888888;\">22.05.12. 18:00 Blatn\u00e1, restaurace Na Rycht\u011b: L. J. hostem besedy sdru\u017een\u00ed pro konzervativn\u00ed hodnoty K-Klub<br \/>\n<\/span><\/p>\n<p><span style=\"color: #888888;\">08.09.12. 15:00 Kl\u00e1rov: \u00fa\u010dast L. J. na pietn\u00edm aktu na pam\u00e1tku \u010desk\u00e9ho protinacistick\u00e9ho odboje<br \/>\n<\/span><\/p>\n<p><span style=\"color: #888888;\">06.05.12. 15:30 Plze\u0148: L. J., \u00fa\u010dastn\u00edkem pietn\u00edho aktu u p\u0159\u00edle\u017eitosti v\u00fdro\u010d\u00ed osvobozen\u00ed Plzn\u011b Ameri\u010dany<br \/>\n<\/span><\/p>\n<p><span style=\"color: #888888;\">02.05.12. 17:00 Fakulta soci\u00e1ln\u00edch v\u011bd Univerzity Karlovy: L. J. v panelu semin\u00e1\u0159e Rozpravy o \u010cesk\u00fdch m\u00e9di\u00edch na t\u00e9ma \u00daniky odposlech\u016f do m\u00e9di\u00ed<br \/>\n<\/span><\/p>\n<p><span style=\"color: #888888;\">23.04.12. \u00da\u0159ad vl\u00e1dy, Vladislavova ul, : \u00fa\u010dast L. J. na sch\u016fzi Poradn\u00edho sboru mp\u0159. vl\u00e1dy Karoliny Peake<\/span><\/p>\n<p><span style=\"color: #888888;\">21.04.12. 17:00 Cheb, hotel Hv\u011bzda: setk\u00e1n\u00ed L. J. se \u010dleny a sympatizanty Svobodn\u00fdch Karlovarsk\u00e9ho kraje<\/span><\/p>\n<p><span style=\"color: #888888;\">16.04.12. od14:00 p\u0159edn\u00e1\u0161ka Ladislava Jakla na Univerzit\u011b Jana Evangelisty Purkyn\u011b v \u00dast\u00ed nad Labem, fakulta soci\u00e1ln\u011b ekonomick\u00e1, u\u010debna M 307 T\u00e9ma: Participace prezidenta republiky na legislativn\u00edm procesu<\/span><\/p>\n<p><span style=\"color: #888888;\">14.04.12. L. J. v porot\u011b ofici\u00e1ln\u00ed degustace slivovic O L\u00fa\u010dsk\u016f trnku, Lou\u010dka u Vizovic.<\/span><\/p>\n<p><span style=\"color: #888888;\">12.04.12. Budvarka, Svatov\u00edtsk\u00e1 ul., \u00fa\u010dast L. J. setk\u00e1n\u00ed pravicov\u00fdch konzervativn\u00edch stran a iniciativ, svolan\u00e9m akc\u00ed D.O.S.T.<\/span><\/p>\n<p><span style=\"color: #888888;\">10.04.12, 19:00 <a href=\"http:\/\/www.prvnipivnitramway.cz\/\" target=\"_blank\">Prvn\u00ed Pivn\u00ed Tramway<\/a>, <a href=\"http:\/\/www.prvnipivniextraliga.cz\/\" target=\"_blank\">Prvn\u00ed Pivn\u00ed Extraliga<\/a>, t\u0159et\u00ed z\u00e1kladn\u00ed kolo t\u0159et\u00edho ro\u010dn\u00edku ofici\u00e1ln\u00ed degustace \u010desk\u00fdch le\u017e\u00e1k\u016f.<\/span><\/p>\n<p><span style=\"color: #888888;\">06.04.12 KVIZ, Praha 14 &#8211; Kyje, koncert <a href=\"http:\/\/www.folimankablues.cz\/\" target=\"_blank\">Folimanka Blues<\/a><\/span><\/p>\n<p><span style=\"color: #888888;\">27.03.12, 19:00 <a href=\"http:\/\/www.prvnipivnitramway.cz\/\" target=\"_blank\">Prvn\u00ed Pivn\u00ed Tramway<\/a>, <a href=\"http:\/\/www.prvnipivniextraliga.cz\/\" target=\"_blank\">Prvn\u00ed Pivn\u00ed Extraliga<\/a>, unik\u00e1tn\u00ed degustace p\u0161eni\u010dn\u00fdch piv.<br \/>\n<\/span><\/p>\n<p><span style=\"color: #888888;\">26.03.12, 14 &#8211; 15 h, ON-LINE rozhovor pro<a href=\"http:\/\/ekonom.ihned.cz\/c1-55103690-je-ceskym-narodnim-zajmem-byt-v-evropske-unii\" target=\"_blank\"> Ekonom, dotazy ZDE<\/a><\/span><\/p>\n<p><span style=\"color: #888888;\">23.03.12 Music sklep, Sp\u00e1len\u00e9 Po\u0159\u00ed\u010d\u00ed, koncert <a href=\"http:\/\/www.folimankablues.cz\/\" target=\"_blank\">Folimanka Blues<\/a><\/span><\/p>\n<p><span style=\"color: #888888;\">14.03.12, 19:00 <a href=\"http:\/\/www.prvnipivnitramway.cz\/\" target=\"_blank\">Prvn\u00ed Pivn\u00ed Tramway<\/a>, <a href=\"http:\/\/www.prvnipivniextraliga.cz\/\" target=\"_blank\">Prvn\u00ed Pivn\u00ed Extraliga<\/a>, druh\u00e9 z\u00e1kladn\u00ed kolo t\u0159et\u00edho ro\u010dn\u00edku ofici\u00e1ln\u00ed degustace \u010desk\u00fdch le\u017e\u00e1k\u016f.<\/span><\/p>\n<p><span style=\"color: #888888;\">12.03.12, \u00da\u0159ad vl\u00e1dy, Vladislavova ul., poradn\u00ed spo\u0159. mp\u0159. Karol\u00edny Peak<\/span><\/p>\n<p><span style=\"color: #888888;\">09.03.12 Spole\u010densk\u00fd d\u016fm Brunt\u00e1l, koncert <a href=\"http:\/\/www.folimankablues.cz\/\" target=\"_blank\">Folimanka Blues<\/a><\/span><\/p>\n<p><span style=\"color: #888888;\">05.03.12, 19:55, Ladislav Jakl v po\u0159adu Dobr\u00fd ve\u010der \u010cesko v televizi Barrandov<\/span><\/p>\n<p><span style=\"color: #888888;\">29.02.12, 17:00, slavnostn\u00ed otev\u0159en\u00ed pivot\u00e9ky Pivn\u00ed mozaika, n\u00e1m. dr. V\u00e1clava Hol\u00e9ho 12, Libe\u0148<\/span><\/p>\n<p><span style=\"color: #888888;\">28.02.12 CIMRFEST 2012, N\u00e1rodn\u00ed t\u0159\u00edda 25, Praha 1, koncert <a href=\"http:\/\/www.folimankablues.cz\/\" target=\"_blank\">Folimanka Blues<\/a><\/span><\/p>\n<p><span style=\"color: #888888;\">21. 02. 12, 19:00 <a href=\"http:\/\/www.prvnipivnitramway.cz\/\" target=\"_blank\">Prvn\u00ed Pivn\u00ed Tramway<\/a>, <a href=\"http:\/\/www.prvnipivniextraliga.cz\/\" target=\"_blank\">Prvn\u00ed Pivn\u00ed Extraliga<\/a>, Prvn\u00edm z\u00e1kladn\u00edm kolem zahajujeme t\u0159et\u00ed ro\u010dn\u00edk ofici\u00e1ln\u00ed degustace \u010desk\u00fdch le\u017e\u00e1k\u016f<br \/>\n<\/span><\/p>\n<p><span style=\"color: #888888;\">16.02.12 17:01 hod &#8211; Ladislav Jakl hostem po\u0159adu Dvacet minut Radio\u017eurn\u00e1lu<br \/>\n<\/span><\/p>\n<p><span style=\"color: #888888;\">08.02.12\u00a0 \u00fa\u010dast L. J. na odborn\u00e9 degustaci na XXII. Reprezenta\u010dn\u00edch slavnostech piva, T\u00e1bor, Kongresov\u00fd s\u00e1l Jiho\u010desk\u00e9 univerzity<\/span><\/p>\n<p><span style=\"color: #888888;\">31. 01. 12, 20:00 <a href=\"http:\/\/www.prvnipivnitramway.cz\/\" target=\"_blank\">Prvn\u00ed Pivn\u00ed Tramway<\/a>, <a href=\"http:\/\/www.prvnipivniextraliga.cz\/\" target=\"_blank\">Prvn\u00ed Pivn\u00ed Extraliga<\/a>, degustace slovensk\u00fdch le\u017e\u00e1k\u016f<\/span><\/p>\n<p><span style=\"color: #888888;\">31.01.12, 17:30 Vyhl\u00e1\u0161en\u00ed V\u00fdro\u010dn\u00edch cen \u010dasopisu Pivo, beer &amp; Ale, Kl\u00e1\u0161tern\u00ed pivovar Norbert, Strahov<br \/>\n<\/span><\/p>\n<p><span style=\"color: #888888;\">04.02.12, Strakonice, \u010cervoto\u010d, koncert <a href=\"http:\/\/www.folimankablues.cz\/\" target=\"_blank\">Folimanka Blues<\/a><\/span><\/p>\n<p><strong><strong><strong> <\/strong><\/strong><\/strong><\/p>\n","protected":false},"excerpt":{"rendered":"<p>14.12.12. 20:00 Na Slamn\u00edku, Praha &#8211; Bubene\u010d, koncert skupiny Folimanka Blues. 13.12.12. 12:30 Fakulta soci\u00e1ln\u00edch v\u011bd Univerzity Karlovy: beseda L. J. se studenty. 13.12.12. 10:30 Nov\u00e1 ob\u0159adn\u00ed s\u00ed\u0148 na Ol\u0161anech: posledn\u00ed rozlou\u010den\u00ed s Honzou Chalupsk\u00fdm. 12.12.12. 19:00 televize P\u011btka: L. J. hostem po\u0159adu Volejte k v\u011bci. 10.12.12. 14:00 \u00da\u0159ad vl\u00e1dy \u010cR, Vladislavova ul: \u00fa\u010dast L. [&hellip;]<\/p>\n","protected":false},"author":1,"featured_media":0,"parent":0,"menu_order":0,"comment_status":"open","ping_status":"open","template":"","meta":{"ngg_post_thumbnail":0,"footnotes":""},"class_list":["post-4577","page","type-page","status-publish","hentry"],"_links":{"self":[{"href":"https:\/\/www.ladislavjakl.cz\/index.php?rest_route=\/wp\/v2\/pages\/4577","targetHints":{"allow":["GET"]}}],"collection":[{"href":"https:\/\/www.ladislavjakl.cz\/index.php?rest_route=\/wp\/v2\/pages"}],"about":[{"href":"https:\/\/www.ladislavjakl.cz\/index.php?rest_route=\/wp\/v2\/types\/page"}],"author":[{"embeddable":true,"href":"https:\/\/www.ladislavjakl.cz\/index.php?rest_route=\/wp\/v2\/users\/1"}],"replies":[{"embeddable":true,"href":"https:\/\/www.ladislavjakl.cz\/index.php?rest_route=%2Fwp%2Fv2%2Fcomments&post=4577"}],"version-history":[{"count":2,"href":"https:\/\/www.ladislavjakl.cz\/index.php?rest_route=\/wp\/v2\/pages\/4577\/revisions"}],"predecessor-version":[{"id":4579,"href":"https:\/\/www.ladislavjakl.cz\/index.php?rest_route=\/wp\/v2\/pages\/4577\/revisions\/4579"}],"wp:attachment":[{"href":"https:\/\/www.ladislavjakl.cz\/index.php?rest_route=%2Fwp%2Fv2%2Fmedia&parent=4577"}],"curies":[{"name":"wp","href":"https:\/\/api.w.org\/{rel}","templated":true}]}}