{"id":5384,"date":"2015-01-16T09:49:08","date_gmt":"2015-01-16T08:49:08","guid":{"rendered":"http:\/\/www.ladislavjakl.cz\/?page_id=5384"},"modified":"2015-01-16T09:49:08","modified_gmt":"2015-01-16T08:49:08","slug":"archiv-rubriky-co-se-deje-rok-2013","status":"publish","type":"page","link":"https:\/\/www.ladislavjakl.cz\/?page_id=5384","title":{"rendered":"Archiv rubriky \u201cCo se d\u011bje\u201d \u2013 rok 2013"},"content":{"rendered":"<p><span style=\"color: #888888;\">14.12.13. 19:30 Na Slamn\u00edku, Praha &#8211; Bubene\u010d, koncert skupiny <a href=\"http:\/\/www.folimankablues.cz\/\" target=\"_blank\">Folimanka Blues<\/a>.<\/span><\/p>\n<p><span style=\"color: #888888;\">09.12.13. 17:00 Autoklub, Opletalova ul.: L. J. \u00fa\u010dastn\u00edkem panelov\u00e9 diskuse semin\u00e1\u0159e Institutu V\u00e1clava Klause na t\u00e9ma &#8222;Nahradila mediokracie m\u00e9dia a politiku?&#8220;<\/span><\/p>\n<p><span style=\"color: #888888;\">07.12.13. 15:00 klub Nov\u00e1 Chmelnice, L. J. v porot\u011b fin\u00e1le sout\u011b\u017ee rockov\u00fdch kapel Skute\u010dn\u00e1 liga<\/span><\/p>\n<p><span style=\"color: #888888;\">16.11.13. 12:00 klub Nov\u00e1 Chmelnice, L. J. v porot\u011b semifin\u00e1le sout\u011b\u017ee rockov\u00fdch kapel Skute\u010dn\u00e1 liga<\/span><\/p>\n<p><span style=\"color: #888888;\">07.11.13. 12:30 Fakulta soci\u00e1ln\u00edch v\u011bd, Smetanovo n\u00e1b\u0159e\u017e\u00ed, beseda L. J. se studenty \u017eurnalistiky<\/span><\/p>\n<p><span style=\"color: #888888;\">23.10.13. 19:00\u00a0<a href=\"http:\/\/www.prvnipivnitramway.cz\/\" target=\"_blank\">Prvn\u00ed Pivn\u00ed Tramway<\/a>,\u00a0<a href=\"http:\/\/www.prvnipivniextraliga.cz\/\" target=\"_blank\">Prvn\u00ed Pivn\u00ed Extraliga<\/a>, fin\u00e1le 4. ro\u010dn\u00edku ofici\u00e1ln\u00ed degustace \u010desk\u00fdch le\u017e\u00e1k\u016f.<\/span><\/p>\n<p><span style=\"color: #888888;\">19.10.13. 14:00 Poho\u0159elec, Praha, start 20. ro\u010dn\u00edku <a href=\"http:\/\/www.memorialmatejekudeje.cz\/\" target=\"_blank\">Memori\u00e1lu Mat\u011bje Kud\u011bje<\/a>.<\/span><\/p>\n<p><span style=\"color: #888888;\">10. &#8211; 12. \u0159\u00edjna, Denver, Colorado, USA &#8211; \u00fa\u010dast L. J. na <a href=\"http:\/\/www.greatamericanbeerfestival.com\/\" target=\"_blank\">Great American Beer Festival<\/a><\/span><\/p>\n<p><span style=\"color: #888888;\">07.10.13. 19:00\u00a0<a href=\"http:\/\/www.prvnipivnitramway.cz\/\" target=\"_blank\">Prvn\u00ed Pivn\u00ed Tramway<\/a>,\u00a0<a href=\"http:\/\/www.prvnipivniextraliga.cz\/\" target=\"_blank\">Prvn\u00ed Pivn\u00ed Extraliga<\/a>, 2. semifin\u00e1le 4. ro\u010dn\u00edku ofici\u00e1ln\u00ed degustace \u010desk\u00fdch le\u017e\u00e1k\u016f.<\/span><\/p>\n<p><span style=\"color: #888888;\">25.09.13. 19:00\u00a0<a href=\"http:\/\/www.prvnipivnitramway.cz\/\" target=\"_blank\">Prvn\u00ed Pivn\u00ed Tramway<\/a>,\u00a0<a href=\"http:\/\/www.prvnipivniextraliga.cz\/\" target=\"_blank\">Prvn\u00ed Pivn\u00ed Extraliga<\/a>, 1. semifin\u00e1le 4. ro\u010dn\u00edku ofici\u00e1ln\u00ed degustace \u010desk\u00fdch le\u017e\u00e1k\u016f.<\/span><\/p>\n<p><span style=\"color: #888888;\">14.09.13. 18:30 pal\u00e1c Akropolis na \u017di\u017ekov\u011b:\u00a0velk\u00fd koncert k dvac\u00e1t\u00e9mu v\u00fdro\u010d\u00ed kapely <a href=\"http:\/\/www.folimankablues.cz\/\" target=\"_blank\">Folimanka Blues.<\/a><\/span><\/p>\n<p><span style=\"color: #888888;\">03.09.13. od 20 do 23 hodin: L. Jakl hostem po\u0159adu Zpov\u011bdnice na Radiu Beat.<\/span><\/p>\n<p><span style=\"color: #888888;\">31.07.13. 19:00 <a href=\"http:\/\/www.prvnipivnitramway.cz\/\" target=\"_blank\">Prvn\u00ed Pivn\u00ed Tramway<\/a>, <a href=\"http:\/\/www.prvnipivniextraliga.cz\/\" target=\"_blank\">Prvn\u00ed Pivn\u00ed Extraliga<\/a>, vlo\u017een\u00e1 sout\u011b\u017e &#8211; IPA.<br \/>\n<\/span><\/p>\n<p><span style=\"color: #888888;\">03.07.13. 19:00\u00a0<a href=\"http:\/\/www.prvnipivnitramway.cz\/\" target=\"_blank\">Prvn\u00ed Pivn\u00ed Tramway<\/a>,\u00a0<a href=\"http:\/\/www.prvnipivniextraliga.cz\/\" target=\"_blank\">Prvn\u00ed Pivn\u00ed Extraliga<\/a>, 5. kolo 4. ro\u010dn\u00edku ofici\u00e1ln\u00ed degustace \u010desk\u00fdch le\u017e\u00e1k\u016f.<\/span><\/p>\n<p><span style=\"color: #888888;\">30.06.13. 11:00 L. Jakl hostem po\u0159adu Partie, televize Prima.<\/span><\/p>\n<p><span style=\"color: #888888;\">19.06.13. 19:00 <a href=\"http:\/\/www.prvnipivnitramway.cz\/\" target=\"_blank\">Prvn\u00ed Pivn\u00ed Tramway<\/a>, <a href=\"http:\/\/www.prvnipivniextraliga.cz\/\" target=\"_blank\">Prvn\u00ed Pivn\u00ed Extraliga<\/a>, 4. kolo 4. ro\u010dn\u00edku ofici\u00e1ln\u00ed degustace \u010desk\u00fdch le\u017e\u00e1k\u016f.<\/span><\/p>\n<p><span style=\"color: #888888;\">05.06.13. 19:00 <a href=\"http:\/\/www.prvnipivnitramway.cz\/\" target=\"_blank\">Prvn\u00ed Pivn\u00ed Tramway<\/a>, <a href=\"http:\/\/www.prvnipivniextraliga.cz\/\" target=\"_blank\">Prvn\u00ed Pivn\u00ed Extraliga<\/a>, unik\u00e1tn\u00ed degustace p\u0161eni\u010dn\u00fdch piv.<\/span><\/p>\n<p><span style=\"color: #888888;\">25.05.13. 11:00 pivovar Kaltenecker, Ro\u017e\u0148ava: \u010cesko-slovensk\u00e9 fin\u00e1le degusta\u010dn\u00edho vyhodnocen\u00ed nejlep\u0161\u00edho le\u017e\u00e1ku <a href=\"http:\/\/www.prvnipivniextraliga.cz\/\" target=\"_blank\">Prvn\u00ed Pivn\u00ed Extraliga.<\/a><\/span><\/p>\n<p><span style=\"color: #888888;\">12.05.13. 11:00 L. Jakl v po\u0159adu Partie televize Prima.<\/span><\/p>\n<p><span style=\"color: #888888;\">24.04.13. 19:00 <a href=\"http:\/\/brevnovskypivovar.cz\/\" target=\"_blank\">B\u0159evnovsk\u00fd kl\u00e1\u0161tern\u00ed pivovar<\/a>, <a href=\"http:\/\/www.prvnipivniextraliga.cz\/\" target=\"_blank\">Prvn\u00ed Pivn\u00ed Extraliga<\/a>, 3. kolo 4. ro\u010dn\u00edku ofici\u00e1ln\u00ed degustace \u010desk\u00fdch le\u017e\u00e1k\u016f.<\/span><\/p>\n<p><span style=\"color: #888888;\">10.04.13. 19:00 <a href=\"http:\/\/www.prvnipivnitramway.cz\/\" target=\"_blank\">Prvn\u00ed Pivn\u00ed Tramway<\/a>, <a href=\"http:\/\/www.prvnipivniextraliga.cz\/\" target=\"_blank\">Prvn\u00ed Pivn\u00ed Extraliga<\/a>, fin\u00e1le degustace Slovensk\u00fdch le\u017e\u00e1k\u016f.<\/span><\/p>\n<p><span style=\"color: #888888;\">06.04.13. 14:31 L. Jakl hostem po\u0159adu Politick\u00e9 spektrum na \u010cT24.<\/span><\/p>\n<p><span style=\"color: #888888;\">27.03.13. 19:00 <a href=\"http:\/\/www.prvnipivnitramway.cz\/\" target=\"_blank\">Prvn\u00ed Pivn\u00ed Tramway<\/a>, <a href=\"http:\/\/www.prvnipivniextraliga.cz\/\" target=\"_blank\">Prvn\u00ed Pivn\u00ed Extraliga<\/a>, 2. kolo 4. ro\u010dn\u00edku ofici\u00e1ln\u00ed degustace \u010desk\u00fdch le\u017e\u00e1k\u016f.<\/span><\/p>\n<p><span style=\"color: #888888;\">18.03.13. 18:00, \u010cSVTS, Novotn\u00e9ho l\u00e1vka, Praha 1: L. Jakl promluv\u00ed na konferenci D.O.S.T. na t\u00e9ma &#8222;referendum o vystoupen\u00ed \u010cR z Evropsk\u00e9 unie&#8220;.<\/span><\/p>\n<p><span style=\"color: #888888;\">13.03.13. 19:00 <a href=\"http:\/\/brevnovskypivovar.cz\/\" target=\"_blank\">B\u0159evnovsk\u00fd kl\u00e1\u0161tern\u00ed pivovar<\/a>, <a href=\"http:\/\/www.prvnipivniextraliga.cz\/\" target=\"_blank\">Prvn\u00ed Pivn\u00ed Extraliga<\/a>, 1. kolo 4. ro\u010dn\u00edku ofici\u00e1ln\u00ed degustace \u010desk\u00fdch le\u017e\u00e1k\u016f.<\/span><\/p>\n<p><span style=\"color: #888888;\">07.03.12. 18:10 L. Jakl hostem televizn\u00edho speci\u00e1lu \u010cesk\u00e9 televize k ukon\u010den\u00ed mand\u00e1tu prezidenta V\u00e1clava Klause.<\/span><\/p>\n<p><span style=\"color: #808080;\">07.03.12. 18:00 L. Jakl hostem po\u0159adu Impulsy V. M. na r\u00e1diu Impuls.<\/span><\/p>\n<p><span style=\"color: #808080;\">02.03.13. \u010cervoto\u010d, Strakonice, koncert <a style=\"color: #808080;\" href=\"http:\/\/www.folimankablues.cz\/\" target=\"_blank\">Folimanka Blues.<\/a><\/span><\/p>\n<p><span style=\"color: #888888;\">28.02.13. CIMRFEST 2013, N\u00e1rodn\u00ed t\u0159\u00edda 25, Praha 1, koncert <a href=\"http:\/\/www.folimankablues.cz\/\" target=\"_blank\">Folimanka Blues.<\/a><\/span><\/p>\n<p><span style=\"color: #888888;\">27.02.13. 22:10 h, TV Barrandov: L. Jakl v po\u0159adu T\u00e9mata t\u00fddne.<br \/>\n<\/span><\/p>\n<p><span style=\"color: #888888;\">13.02.13. 17.02 h, L. Jakl v po\u0159adu Dvacet minut s Radio\u017eurn\u00e1lem \u010cesk\u00e9ho rozhlasu.<br \/>\n<\/span><\/p>\n<p><span style=\"color: #888888;\">06.02.13. 17:00 hotel Palc\u00e1t, T\u00e1bor: L. Jakl \u00fa\u010dastn\u00edkem zahajovac\u00edho ve\u010dera 23. Slavnost\u00ed piva T\u00e1bor.<br \/>\n<\/span><\/p>\n<p><span style=\"color: #888888;\">30.01.13. 09:00 L. Jakl v po\u0159adu T\u011b\u017ekej pokondr na Frekvenci 1.<\/span><\/p>\n<p><span style=\"color: #888888;\">23.01.13. 18:00 \u00dastav Pr\u00e1va a pr\u00e1vn\u00ed v\u011bdy, Konviktsk\u00e1 ul.: beseda L. Jakla s poslucha\u010di a pedagogy \u0161koly.<\/span><\/p>\n<p><span style=\"color: #888888;\">19.01.13. 18:00 St\u0159edisko voln\u00e9ho \u010dasu B\u00e1jo, \u010cesk\u00e1 Skalice: beseda L. Jakla s ob\u010dany kraje, odkud poch\u00e1z\u00ed rod Jakl\u016f .<\/span><\/p>\n<p><span style=\"color: #888888;\">13.01.13. 12:30 L. Jakl hostem po\u0159adu Ot\u00e1zky V. M. \u010cesk\u00e9 televize.<\/span><\/p>\n<p><span style=\"color: #888888;\">07.01.13. 21:15 L. Jakl v po\u0159adu Stalo se dnes \u010cesk\u00e9ho rozhlasu.<\/span><\/p>\n<p><span style=\"color: #888888;\">07.01.13. 18:30 L. Jakl v po\u0159adu Interview \u010cesk\u00e9 televize.<\/span><\/p>\n<p><span style=\"color: #888888;\">07.01.13. L. Jakl v po\u0159adu Hovory o politice o amnestii.<\/span><\/p>\n<p><span style=\"color: #888888;\">06.01.13. 11:00 L. Jakl v po\u0159adu Partie televize Prima.<\/span><\/p>\n<p><span style=\"color: #888888;\">02.01.13. 22:00 L. Jakl v po\u0159adu Ud\u00e1losti koment\u00e1\u0159e na \u010cT24 o amnestii.<br \/>\n<\/span><\/p>\n<p><span style=\"color: #888888;\">02.01.13. 21:00 L. Jakl v po\u0159adu Stalo se dnes o amnestii.<\/span><\/p>\n","protected":false},"excerpt":{"rendered":"<p>14.12.13. 19:30 Na Slamn\u00edku, Praha &#8211; Bubene\u010d, koncert skupiny Folimanka Blues. 09.12.13. 17:00 Autoklub, Opletalova ul.: L. J. \u00fa\u010dastn\u00edkem panelov\u00e9 diskuse semin\u00e1\u0159e Institutu V\u00e1clava Klause na t\u00e9ma &#8222;Nahradila mediokracie m\u00e9dia a politiku?&#8220; 07.12.13. 15:00 klub Nov\u00e1 Chmelnice, L. J. v porot\u011b fin\u00e1le sout\u011b\u017ee rockov\u00fdch kapel Skute\u010dn\u00e1 liga 16.11.13. 12:00 klub Nov\u00e1 Chmelnice, L. J. v [&hellip;]<\/p>\n","protected":false},"author":1,"featured_media":0,"parent":0,"menu_order":0,"comment_status":"open","ping_status":"open","template":"","meta":{"ngg_post_thumbnail":0,"footnotes":""},"class_list":["post-5384","page","type-page","status-publish","hentry"],"_links":{"self":[{"href":"https:\/\/www.ladislavjakl.cz\/index.php?rest_route=\/wp\/v2\/pages\/5384","targetHints":{"allow":["GET"]}}],"collection":[{"href":"https:\/\/www.ladislavjakl.cz\/index.php?rest_route=\/wp\/v2\/pages"}],"about":[{"href":"https:\/\/www.ladislavjakl.cz\/index.php?rest_route=\/wp\/v2\/types\/page"}],"author":[{"embeddable":true,"href":"https:\/\/www.ladislavjakl.cz\/index.php?rest_route=\/wp\/v2\/users\/1"}],"replies":[{"embeddable":true,"href":"https:\/\/www.ladislavjakl.cz\/index.php?rest_route=%2Fwp%2Fv2%2Fcomments&post=5384"}],"version-history":[{"count":1,"href":"https:\/\/www.ladislavjakl.cz\/index.php?rest_route=\/wp\/v2\/pages\/5384\/revisions"}],"predecessor-version":[{"id":5385,"href":"https:\/\/www.ladislavjakl.cz\/index.php?rest_route=\/wp\/v2\/pages\/5384\/revisions\/5385"}],"wp:attachment":[{"href":"https:\/\/www.ladislavjakl.cz\/index.php?rest_route=%2Fwp%2Fv2%2Fmedia&parent=5384"}],"curies":[{"name":"wp","href":"https:\/\/api.w.org\/{rel}","templated":true}]}}

Archiv rubriky “Co se děje” – rok 2013

<p><span style="color: #888888;">14.12.13. 19:30 Na Slamníku, Praha &#8211; Bubeneč, koncert skupiny <a href="http://www.folimankablues.cz/" target="_blank">Folimanka Blues</a>.</span></p>
<p><span style="color: #888888;">09.12.13. 17:00 Autoklub, Opletalova ul.: L. J. účastníkem panelové diskuse semináře Institutu Václava Klause na téma &#8222;Nahradila mediokracie média a politiku?&#8220;</span></p>
<p><span style="color: #888888;">07.12.13. 15:00 klub Nová Chmelnice, L. J. v porotě finále soutěže rockových kapel Skutečná liga</span></p>
<p><span style="color: #888888;">16.11.13. 12:00 klub Nová Chmelnice, L. J. v porotě semifinále soutěže rockových kapel Skutečná liga</span></p>
<p><span style="color: #888888;">07.11.13. 12:30 Fakulta sociálních věd, Smetanovo nábřeží, beseda L. J. se studenty žurnalistiky</span></p>
<p><span style="color: #888888;">23.10.13. 19:00 <a href="http://www.prvnipivnitramway.cz/" target="_blank">První Pivní Tramway</a>, <a href="http://www.prvnipivniextraliga.cz/" target="_blank">První Pivní Extraliga</a>, finále 4. ročníku oficiální degustace českých ležáků.</span></p>
<p><span style="color: #888888;">19.10.13. 14:00 Pohořelec, Praha, start 20. ročníku <a href="http://www.memorialmatejekudeje.cz/" target="_blank">Memoriálu Matěje Kuděje</a>.</span></p>
<p><span style="color: #888888;">10. &#8211; 12. října, Denver, Colorado, USA &#8211; účast L. J. na <a href="http://www.greatamericanbeerfestival.com/" target="_blank">Great American Beer Festival</a></span></p>
<p><span style="color: #888888;">07.10.13. 19:00 <a href="http://www.prvnipivnitramway.cz/" target="_blank">První Pivní Tramway</a>, <a href="http://www.prvnipivniextraliga.cz/" target="_blank">První Pivní Extraliga</a>, 2. semifinále 4. ročníku oficiální degustace českých ležáků.</span></p>
<p><span style="color: #888888;">25.09.13. 19:00 <a href="http://www.prvnipivnitramway.cz/" target="_blank">První Pivní Tramway</a>, <a href="http://www.prvnipivniextraliga.cz/" target="_blank">První Pivní Extraliga</a>, 1. semifinále 4. ročníku oficiální degustace českých ležáků.</span></p>
<p><span style="color: #888888;">14.09.13. 18:30 palác Akropolis na Žižkově: velký koncert k dvacátému výročí kapely <a href="http://www.folimankablues.cz/" target="_blank">Folimanka Blues.</a></span></p>
<p><span style="color: #888888;">03.09.13. od 20 do 23 hodin: L. Jakl hostem pořadu Zpovědnice na Radiu Beat.</span></p>
<p><span style="color: #888888;">31.07.13. 19:00 <a href="http://www.prvnipivnitramway.cz/" target="_blank">První Pivní Tramway</a>, <a href="http://www.prvnipivniextraliga.cz/" target="_blank">První Pivní Extraliga</a>, vložená soutěž &#8211; IPA.<br />
</span></p>
<p><span style="color: #888888;">03.07.13. 19:00 <a href="http://www.prvnipivnitramway.cz/" target="_blank">První Pivní Tramway</a>, <a href="http://www.prvnipivniextraliga.cz/" target="_blank">První Pivní Extraliga</a>, 5. kolo 4. ročníku oficiální degustace českých ležáků.</span></p>
<p><span style="color: #888888;">30.06.13. 11:00 L. Jakl hostem pořadu Partie, televize Prima.</span></p>
<p><span style="color: #888888;">19.06.13. 19:00 <a href="http://www.prvnipivnitramway.cz/" target="_blank">První Pivní Tramway</a>, <a href="http://www.prvnipivniextraliga.cz/" target="_blank">První Pivní Extraliga</a>, 4. kolo 4. ročníku oficiální degustace českých ležáků.</span></p>
<p><span style="color: #888888;">05.06.13. 19:00 <a href="http://www.prvnipivnitramway.cz/" target="_blank">První Pivní Tramway</a>, <a href="http://www.prvnipivniextraliga.cz/" target="_blank">První Pivní Extraliga</a>, unikátní degustace pšeničných piv.</span></p>
<p><span style="color: #888888;">25.05.13. 11:00 pivovar Kaltenecker, Rožňava: Česko-slovenské finále degustačního vyhodnocení nejlepšího ležáku <a href="http://www.prvnipivniextraliga.cz/" target="_blank">První Pivní Extraliga.</a></span></p>
<p><span style="color: #888888;">12.05.13. 11:00 L. Jakl v pořadu Partie televize Prima.</span></p>
<p><span style="color: #888888;">24.04.13. 19:00 <a href="http://brevnovskypivovar.cz/" target="_blank">Břevnovský klášterní pivovar</a>, <a href="http://www.prvnipivniextraliga.cz/" target="_blank">První Pivní Extraliga</a>, 3. kolo 4. ročníku oficiální degustace českých ležáků.</span></p>
<p><span style="color: #888888;">10.04.13. 19:00 <a href="http://www.prvnipivnitramway.cz/" target="_blank">První Pivní Tramway</a>, <a href="http://www.prvnipivniextraliga.cz/" target="_blank">První Pivní Extraliga</a>, finále degustace Slovenských ležáků.</span></p>
<p><span style="color: #888888;">06.04.13. 14:31 L. Jakl hostem pořadu Politické spektrum na ČT24.</span></p>
<p><span style="color: #888888;">27.03.13. 19:00 <a href="http://www.prvnipivnitramway.cz/" target="_blank">První Pivní Tramway</a>, <a href="http://www.prvnipivniextraliga.cz/" target="_blank">První Pivní Extraliga</a>, 2. kolo 4. ročníku oficiální degustace českých ležáků.</span></p>
<p><span style="color: #888888;">18.03.13. 18:00, ČSVTS, Novotného lávka, Praha 1: L. Jakl promluví na konferenci D.O.S.T. na téma &#8222;referendum o vystoupení ČR z Evropské unie&#8220;.</span></p>
<p><span style="color: #888888;">13.03.13. 19:00 <a href="http://brevnovskypivovar.cz/" target="_blank">Břevnovský klášterní pivovar</a>, <a href="http://www.prvnipivniextraliga.cz/" target="_blank">První Pivní Extraliga</a>, 1. kolo 4. ročníku oficiální degustace českých ležáků.</span></p>
<p><span style="color: #888888;">07.03.12. 18:10 L. Jakl hostem televizního speciálu České televize k ukončení mandátu prezidenta Václava Klause.</span></p>
<p><span style="color: #808080;">07.03.12. 18:00 L. Jakl hostem pořadu Impulsy V. M. na rádiu Impuls.</span></p>
<p><span style="color: #808080;">02.03.13. Červotoč, Strakonice, koncert <a style="color: #808080;" href="http://www.folimankablues.cz/" target="_blank">Folimanka Blues.</a></span></p>
<p><span style="color: #888888;">28.02.13. CIMRFEST 2013, Národní třída 25, Praha 1, koncert <a href="http://www.folimankablues.cz/" target="_blank">Folimanka Blues.</a></span></p>
<p><span style="color: #888888;">27.02.13. 22:10 h, TV Barrandov: L. Jakl v pořadu Témata týdne.<br />
</span></p>
<p><span style="color: #888888;">13.02.13. 17.02 h, L. Jakl v pořadu Dvacet minut s Radiožurnálem Českého rozhlasu.<br />
</span></p>
<p><span style="color: #888888;">06.02.13. 17:00 hotel Palcát, Tábor: L. Jakl účastníkem zahajovacího večera 23. Slavností piva Tábor.<br />
</span></p>
<p><span style="color: #888888;">30.01.13. 09:00 L. Jakl v pořadu Těžkej pokondr na Frekvenci 1.</span></p>
<p><span style="color: #888888;">23.01.13. 18:00 Ústav Práva a právní vědy, Konviktská ul.: beseda L. Jakla s posluchači a pedagogy školy.</span></p>
<p><span style="color: #888888;">19.01.13. 18:00 Středisko volného času Bájo, Česká Skalice: beseda L. Jakla s občany kraje, odkud pochází rod Jaklů .</span></p>
<p><span style="color: #888888;">13.01.13. 12:30 L. Jakl hostem pořadu Otázky V. M. České televize.</span></p>
<p><span style="color: #888888;">07.01.13. 21:15 L. Jakl v pořadu Stalo se dnes Českého rozhlasu.</span></p>
<p><span style="color: #888888;">07.01.13. 18:30 L. Jakl v pořadu Interview České televize.</span></p>
<p><span style="color: #888888;">07.01.13. L. Jakl v pořadu Hovory o politice o amnestii.</span></p>
<p><span style="color: #888888;">06.01.13. 11:00 L. Jakl v pořadu Partie televize Prima.</span></p>
<p><span style="color: #888888;">02.01.13. 22:00 L. Jakl v pořadu Události komentáře na ČT24 o amnestii.<br />
</span></p>
<p><span style="color: #888888;">02.01.13. 21:00 L. Jakl v pořadu Stalo se dnes o amnestii.</span></p>

<p>14.12.13. 19:30 Na Slamníku, Praha &#8211; Bubeneč, koncert skupiny Folimanka Blues. 09.12.13. 17:00 Autoklub, Opletalova ul.: L. J. účastníkem panelové diskuse semináře Institutu Václava Klause na téma &#8222;Nahradila mediokracie média a politiku?&#8220; 07.12.13. 15:00 klub Nová Chmelnice, L. J. v porotě finále soutěže rockových kapel Skutečná liga 16.11.13. 12:00 klub Nová Chmelnice, L. J. v [&hellip;]</p>
